Last updated on 2025-02-22 04:51:08 CET.
Flavor | Version | Tinstall | Tcheck | Ttotal | Status | Flags |
---|---|---|---|---|---|---|
r-devel-linux-x86_64-debian-clang | 0.1.4 | 2.54 | 18.84 | 21.38 | OK | |
r-devel-linux-x86_64-debian-gcc | 0.1.4 | 2.15 | 14.96 | 17.11 | OK | |
r-devel-linux-x86_64-fedora-clang | 0.1.4 | 35.59 | NOTE | |||
r-devel-linux-x86_64-fedora-gcc | 0.1.4 | 51.02 | NOTE | |||
r-devel-macos-arm64 | 0.1.4 | 26.00 | OK | |||
r-devel-macos-x86_64 | 0.1.4 | 47.00 | OK | |||
r-devel-windows-x86_64 | 0.1.4 | 7.00 | 46.00 | 53.00 | OK | |
r-patched-linux-x86_64 | 0.1.4 | 2.52 | 18.19 | 20.71 | OK | |
r-release-linux-x86_64 | 0.1.4 | 2.43 | 18.15 | 20.58 | OK | |
r-release-macos-arm64 | 0.1.4 | 21.00 | OK | |||
r-release-macos-x86_64 | 0.1.4 | 35.00 | OK | |||
r-release-windows-x86_64 | 0.1.4 | 6.00 | 43.00 | 49.00 | OK | |
r-oldrel-macos-arm64 | 0.1.4 | 27.00 | OK | |||
r-oldrel-macos-x86_64 | 0.1.4 | 33.00 | OK | |||
r-oldrel-windows-x86_64 | 0.1.4 | 7.00 | 44.00 | 51.00 | OK |
Version: 0.1.4
Check: compiled code
Result: NOTE
File ‘credule/libs/credule.so’:
Found no calls to: ‘R_registerRoutines’, ‘R_useDynamicSymbols’
It is good practice to register native routines and to disable symbol
search.
See ‘Writing portable packages’ in the ‘Writing R Extensions’ manual.
Flavors: r-devel-linux-x86_64-fedora-clang, r-devel-linux-x86_64-fedora-gcc