Last updated on 2025-02-21 04:51:44 CET.
Flavor | Version | Tinstall | Tcheck | Ttotal | Status | Flags |
---|---|---|---|---|---|---|
r-devel-linux-x86_64-debian-clang | 0.2.3 | 5.96 | 82.16 | 88.12 | NOTE | |
r-devel-linux-x86_64-debian-gcc | 0.2.3 | 4.36 | 59.32 | 63.68 | NOTE | |
r-devel-linux-x86_64-fedora-clang | 0.2.3 | 139.74 | NOTE | |||
r-devel-linux-x86_64-fedora-gcc | 0.2.3 | 142.59 | NOTE | |||
r-devel-macos-arm64 | 0.2.3 | 52.00 | OK | |||
r-devel-macos-x86_64 | 0.2.3 | 102.00 | NOTE | |||
r-devel-windows-x86_64 | 0.2.3 | 8.00 | 92.00 | 100.00 | NOTE | |
r-patched-linux-x86_64 | 0.2.3 | 5.75 | 76.31 | 82.06 | OK | |
r-release-linux-x86_64 | 0.2.3 | 6.27 | 77.68 | 83.95 | OK | |
r-release-macos-arm64 | 0.2.3 | 54.00 | OK | |||
r-release-macos-x86_64 | 0.2.3 | 72.00 | OK | |||
r-release-windows-x86_64 | 0.2.3 | 7.00 | 94.00 | 101.00 | OK | |
r-oldrel-macos-arm64 | 0.2.3 | 52.00 | OK | |||
r-oldrel-macos-x86_64 | 0.2.3 | 110.00 | OK | |||
r-oldrel-windows-x86_64 | 0.2.3 | 10.00 | 118.00 | 128.00 | OK |
Version: 0.2.3
Check: DESCRIPTION meta-information
Result: NOTE
Missing dependency on R >= 4.1.0 because package code uses the pipe
|> or function shorthand \(...) syntax added in R 4.1.0.
File(s) using such syntax:
‘countries.R’ ‘fetch_cricsheet.R’ ‘fetch_player_meta.R’
‘update_player_meta.R’
Flavors: r-devel-linux-x86_64-debian-clang, r-devel-linux-x86_64-debian-gcc, r-devel-linux-x86_64-fedora-clang, r-devel-linux-x86_64-fedora-gcc, r-devel-macos-x86_64, r-devel-windows-x86_64