Last updated on 2025-10-25 05:49:58 CEST.
| Flavor | Version | Tinstall | Tcheck | Ttotal | Status | Flags |
|---|---|---|---|---|---|---|
| r-devel-linux-x86_64-debian-clang | 0.3.0 | 6.15 | 91.57 | 97.72 | OK | |
| r-devel-linux-x86_64-debian-gcc | 0.3.0 | 4.01 | 66.53 | 70.54 | OK | |
| r-devel-linux-x86_64-fedora-clang | 0.3.0 | 113.87 | OK | |||
| r-devel-linux-x86_64-fedora-gcc | 0.3.0 | 13.00 | 141.43 | 154.43 | OK | |
| r-devel-windows-x86_64 | 0.3.0 | 7.00 | 119.00 | 126.00 | OK | |
| r-patched-linux-x86_64 | 0.3.0 | 4.94 | 88.93 | 93.87 | OK | |
| r-release-linux-x86_64 | 0.3.0 | 4.92 | 88.74 | 93.66 | OK | |
| r-release-macos-arm64 | 0.3.0 | 3.00 | 54.00 | 57.00 | OK | |
| r-release-macos-x86_64 | 0.3.0 | 10.00 | 98.00 | 108.00 | OK | |
| r-release-windows-x86_64 | 0.3.0 | 9.00 | 96.00 | 105.00 | OK | |
| r-oldrel-macos-arm64 | 0.3.0 | 3.00 | 50.00 | 53.00 | NOTE | |
| r-oldrel-macos-x86_64 | 0.3.0 | 4.00 | 89.00 | 93.00 | NOTE | |
| r-oldrel-windows-x86_64 | 0.3.0 | 12.00 | 121.00 | 133.00 | NOTE |
Version: 0.3.0
Check: installed package size
Result: NOTE
installed size is 5.4Mb
sub-directories of 1Mb or more:
doc 2.0Mb
extdata 2.0Mb
Flavors: r-oldrel-macos-arm64, r-oldrel-macos-x86_64, r-oldrel-windows-x86_64