Last updated on 2025-11-16 04:48:30 CET.
| Flavor | Version | Tinstall | Tcheck | Ttotal | Status | Flags |
|---|---|---|---|---|---|---|
| r-devel-linux-x86_64-debian-clang | 1.0 | 2.64 | 34.90 | 37.54 | NOTE | |
| r-devel-linux-x86_64-debian-gcc | 1.0 | 2.55 | 26.70 | 29.25 | OK | |
| r-devel-linux-x86_64-fedora-clang | 1.0 | 58.63 | OK | |||
| r-devel-linux-x86_64-fedora-gcc | 1.0 | 13.00 | 44.98 | 57.98 | OK | |
| r-devel-windows-x86_64 | 1.0 | 6.00 | 49.00 | 55.00 | NOTE | |
| r-patched-linux-x86_64 | 1.0 | 2.81 | 33.75 | 36.56 | OK | |
| r-release-linux-x86_64 | 1.0 | 2.98 | 34.50 | 37.48 | OK | |
| r-release-macos-arm64 | 1.0 | 2.00 | 20.00 | 22.00 | OK | |
| r-release-macos-x86_64 | 1.0 | 2.00 | 33.00 | 35.00 | OK | |
| r-release-windows-x86_64 | 1.0 | 5.00 | 51.00 | 56.00 | OK | |
| r-oldrel-macos-arm64 | 1.0 | 2.00 | 19.00 | 21.00 | OK | |
| r-oldrel-macos-x86_64 | 1.0 | 2.00 | 27.00 | 29.00 | OK | |
| r-oldrel-windows-x86_64 | 1.0 | 6.00 | 59.00 | 65.00 | OK |
Version: 1.0
Check: Rd files
Result: NOTE
checkRd: (-1) crwbmetareg-package.Rd:13-19: Only 3 columns allowed in this table (row 1 has 2)
checkRd: (-1) crwbmetareg-package.Rd:13-19: Only 3 columns allowed in this table (row 2 has 2)
checkRd: (-1) crwbmetareg-package.Rd:13-19: Only 3 columns allowed in this table (row 3 has 2)
checkRd: (-1) crwbmetareg-package.Rd:13-19: Only 3 columns allowed in this table (row 4 has 2)
checkRd: (-1) crwbmetareg-package.Rd:13-19: Only 3 columns allowed in this table (row 5 has 2)
Flavors: r-devel-linux-x86_64-debian-clang, r-devel-windows-x86_64