Last updated on 2024-08-25 05:49:18 CEST.
Flavor | Version | Tinstall | Tcheck | Ttotal | Status | Flags |
---|---|---|---|---|---|---|
r-devel-linux-x86_64-debian-clang | 2023.5.22 | 5.79 | 62.74 | 68.53 | OK | |
r-devel-linux-x86_64-debian-gcc | 2023.5.22 | 5.53 | 49.81 | 55.34 | OK | |
r-devel-linux-x86_64-fedora-clang | 2023.5.22 | 116.55 | NOTE | |||
r-devel-linux-x86_64-fedora-gcc | 2023.5.22 | 129.55 | OK | |||
r-devel-windows-x86_64 | 2023.5.22 | 10.00 | 83.00 | 93.00 | NOTE | |
r-patched-linux-x86_64 | 2023.5.22 | 6.37 | 61.43 | 67.80 | OK | |
r-release-linux-x86_64 | 2023.5.22 | 5.92 | 61.61 | 67.53 | OK | |
r-release-macos-arm64 | 2023.5.22 | 42.00 | ERROR | |||
r-release-macos-x86_64 | 2023.5.22 | 66.00 | NOTE | |||
r-release-windows-x86_64 | 2023.5.22 | 10.00 | 86.00 | 96.00 | NOTE | |
r-oldrel-macos-arm64 | 2023.5.22 | 45.00 | NOTE | |||
r-oldrel-macos-x86_64 | 2023.5.22 | 133.00 | NOTE | |||
r-oldrel-windows-x86_64 | 2023.5.22 | 7.00 | 92.00 | 99.00 | NOTE |
Version: 2023.5.22
Check: installed package size
Result: NOTE
installed size is 5.7Mb
sub-directories of 1Mb or more:
data 3.8Mb
doc 1.6Mb
Flavors: r-devel-linux-x86_64-fedora-clang, r-devel-windows-x86_64, r-release-macos-arm64, r-release-macos-x86_64, r-release-windows-x86_64, r-oldrel-macos-arm64, r-oldrel-macos-x86_64, r-oldrel-windows-x86_64
Version: 2023.5.22
Check: re-building of vignette outputs
Result: ERROR
Error(s) in re-building vignettes:
...
--- re-building ‘csmaps.Rmd’ using rmarkdown
--- finished re-building ‘csmaps.Rmd’
--- re-building ‘customization.Rmd’ using rmarkdown
Quitting from lines 185-232 [unnamed-chunk-6] (customization.Rmd)
Error: processing vignette 'customization.Rmd' failed with diagnostics:
there is no package called 'csdata'
--- failed re-building ‘customization.Rmd’
--- re-building ‘layout.Rmd’ using rmarkdown
--- finished re-building ‘layout.Rmd’
--- re-building ‘naming_scheme.Rmd’ using rmarkdown
--- finished re-building ‘naming_scheme.Rmd’
--- re-building ‘sf_interactive.Rmd’ using rmarkdown
--- finished re-building ‘sf_interactive.Rmd’
SUMMARY: processing the following file failed:
‘customization.Rmd’
Error: Vignette re-building failed.
Execution halted
Flavor: r-release-macos-arm64