Last updated on 2024-08-25 05:49:18 CEST.
Flavor | Version | Tinstall | Tcheck | Ttotal | Status | Flags |
---|---|---|---|---|---|---|
r-devel-linux-x86_64-debian-clang | 0.2.61 | 16.41 | 20.45 | 36.86 | OK | |
r-devel-linux-x86_64-debian-gcc | 0.2.61 | 14.53 | 16.73 | 31.26 | OK | |
r-devel-linux-x86_64-fedora-clang | 0.2.61 | 59.73 | NOTE | |||
r-devel-linux-x86_64-fedora-gcc | 0.2.61 | 62.10 | NOTE | |||
r-devel-windows-x86_64 | 0.2.61 | 19.00 | 46.00 | 65.00 | NOTE | |
r-patched-linux-x86_64 | 0.2.61 | 16.52 | 19.70 | 36.22 | OK | |
r-release-linux-x86_64 | 0.2.61 | 16.11 | 19.83 | 35.94 | OK | |
r-release-macos-arm64 | 0.2.61 | 27.00 | NOTE | |||
r-release-macos-x86_64 | 0.2.61 | 37.00 | NOTE | |||
r-release-windows-x86_64 | 0.2.61 | 18.00 | 44.00 | 62.00 | NOTE | |
r-oldrel-macos-arm64 | 0.2.61 | 30.00 | NOTE | |||
r-oldrel-macos-x86_64 | 0.2.61 | 40.00 | NOTE | |||
r-oldrel-windows-x86_64 | 0.2.61 | 18.00 | 44.00 | 62.00 | NOTE |
Version: 0.2.61
Check: installed package size
Result: NOTE
installed size is 7.6Mb
sub-directories of 1Mb or more:
data 7.5Mb
Flavors: r-devel-linux-x86_64-fedora-clang, r-devel-windows-x86_64, r-release-macos-arm64, r-release-macos-x86_64, r-release-windows-x86_64, r-oldrel-macos-arm64, r-oldrel-macos-x86_64, r-oldrel-windows-x86_64
Version: 0.2.61
Check: data for non-ASCII characters
Result: NOTE
Note: found 3031 marked UTF-8 strings
Flavors: r-devel-linux-x86_64-fedora-clang, r-devel-linux-x86_64-fedora-gcc