Last updated on 2025-11-16 04:48:30 CET.
| Flavor | Version | Tinstall | Tcheck | Ttotal | Status | Flags |
|---|---|---|---|---|---|---|
| r-devel-linux-x86_64-debian-clang | 1.0.1 | 95.19 | 207.60 | 302.79 | OK | |
| r-devel-linux-x86_64-debian-gcc | 1.0.1 | 82.04 | 156.23 | 238.27 | OK | |
| r-devel-linux-x86_64-fedora-clang | 1.0.1 | 181.00 | 287.63 | 468.63 | OK | |
| r-devel-linux-x86_64-fedora-gcc | 1.0.1 | 149.00 | 346.64 | 495.64 | OK | |
| r-devel-windows-x86_64 | 1.0.1 | 96.00 | 213.00 | 309.00 | OK | |
| r-patched-linux-x86_64 | 1.0.1 | 102.63 | 207.92 | 310.55 | OK | |
| r-release-linux-x86_64 | 1.0.1 | 105.45 | 209.70 | 315.15 | OK | |
| r-release-macos-arm64 | 1.0.1 | 39.00 | 89.00 | 128.00 | OK | |
| r-release-macos-x86_64 | 1.0.1 | 47.00 | 163.00 | 210.00 | OK | |
| r-release-windows-x86_64 | 1.0.1 | 102.00 | 212.00 | 314.00 | OK | |
| r-oldrel-macos-arm64 | 1.0.1 | 37.00 | 90.00 | 127.00 | NOTE | |
| r-oldrel-macos-x86_64 | 1.0.1 | 49.00 | 170.00 | 219.00 | NOTE | |
| r-oldrel-windows-x86_64 | 1.0.1 | 118.00 | 273.00 | 391.00 | OK |
Version: 1.0.1
Check: installed package size
Result: NOTE
installed size is 22.5Mb
sub-directories of 1Mb or more:
doc 1.4Mb
libs 20.4Mb
Flavors: r-oldrel-macos-arm64, r-oldrel-macos-x86_64