CRAN Package Check Results for Package cubature

Last updated on 2025-11-16 04:48:30 CET.

Flavor Version Tinstall Tcheck Ttotal Status Flags
r-devel-linux-x86_64-debian-clang 2.1.4 28.69 49.61 78.30 ERROR
r-devel-linux-x86_64-debian-gcc 2.1.4 21.68 37.83 59.51 ERROR
r-devel-linux-x86_64-fedora-clang 2.1.4 73.00 44.96 117.96 ERROR
r-devel-linux-x86_64-fedora-gcc 2.1.4 72.00 67.30 139.30 ERROR
r-devel-windows-x86_64 2.1.4 63.00 173.00 236.00 OK
r-patched-linux-x86_64 2.1.4 25.57 47.20 72.77 ERROR
r-release-linux-x86_64 2.1.4 27.55 47.85 75.40 ERROR
r-release-macos-arm64 2.1.4 25.00 120.00 145.00 OK
r-release-macos-x86_64 2.1.4 40.00 212.00 252.00 OK
r-release-windows-x86_64 2.1.4 39.00 169.00 208.00 OK
r-oldrel-macos-arm64 2.1.4 23.00 108.00 131.00 OK
r-oldrel-macos-x86_64 2.1.4 38.00 236.00 274.00 OK
r-oldrel-windows-x86_64 2.1.4 43.00 232.00 275.00 OK

Check Details

Version: 2.1.4
Check: re-building of vignette outputs
Result: ERROR Error(s) in re-building vignettes: ... --- re-building ‘cubature.Rmd’ using rmarkdown Quitting from cubature.Rmd:51-115 [unnamed-chunk-2] ~~~~~~~~~~~~~~~~~~~~~~~~~~~~~~~~~~~~~~~~~~~~~~~~~~~~~~~~~~~~~~~~~~~~~~~~~~~~~~~~ <error/rlang_error> Error in `library()`: ! there is no package called 'benchr' --- Backtrace: ▆ 1. └─base::library(benchr) ~~~~~~~~~~~~~~~~~~~~~~~~~~~~~~~~~~~~~~~~~~~~~~~~~~~~~~~~~~~~~~~~~~~~~~~~~~~~~~~~ Error: processing vignette 'cubature.Rmd' failed with diagnostics: there is no package called 'benchr' --- failed re-building ‘cubature.Rmd’ --- re-building ‘version2.Rmd’ using rmarkdown --- finished re-building ‘version2.Rmd’ SUMMARY: processing the following file failed: ‘cubature.Rmd’ Error: Vignette re-building failed. Execution halted Flavors: r-devel-linux-x86_64-debian-clang, r-devel-linux-x86_64-debian-gcc, r-patched-linux-x86_64, r-release-linux-x86_64

Version: 2.1.4
Check: re-building of vignette outputs
Result: ERROR Error(s) in re-building vignettes: --- re-building ‘cubature.Rmd’ using rmarkdown Quitting from cubature.Rmd:51-115 [unnamed-chunk-2] ~~~~~~~~~~~~~~~~~~~~~~~~~~~~~~~~~~~~~~~~~~~~~~~~~~~~~~~~~~~~~~~~~~~~~~~~~~~~~~~~ <error/rlang_error> Error in `library()`: ! there is no package called 'benchr' --- Backtrace: ▆ 1. └─base::library(benchr) ~~~~~~~~~~~~~~~~~~~~~~~~~~~~~~~~~~~~~~~~~~~~~~~~~~~~~~~~~~~~~~~~~~~~~~~~~~~~~~~~ Error: processing vignette 'cubature.Rmd' failed with diagnostics: there is no package called 'benchr' --- failed re-building ‘cubature.Rmd’ --- re-building ‘version2.Rmd’ using rmarkdown --- finished re-building ‘version2.Rmd’ SUMMARY: processing the following file failed: ‘cubature.Rmd’ Error: Vignette re-building failed. Execution halted Flavors: r-devel-linux-x86_64-fedora-clang, r-devel-linux-x86_64-fedora-gcc