CRAN Package Check Results for Package cumulocityr

Last updated on 2025-11-16 04:48:30 CET.

Flavor Version Tinstall Tcheck Ttotal Status Flags
r-devel-linux-x86_64-debian-clang 0.1.0 1.88 25.52 27.40 OK
r-devel-linux-x86_64-debian-gcc 0.1.0 1.44 21.90 23.34 OK
r-devel-linux-x86_64-fedora-clang 0.1.0 40.86 OK
r-devel-linux-x86_64-fedora-gcc 0.1.0 52.78 OK
r-devel-windows-x86_64 0.1.0 5.00 45.00 50.00 OK
r-patched-linux-x86_64 0.1.0 1.82 23.67 25.49 OK
r-release-linux-x86_64 0.1.0 1.54 23.50 25.04 OK
r-release-macos-arm64 0.1.0 1.00 33.00 34.00 OK
r-release-macos-x86_64 0.1.0 2.00 42.00 44.00 OK
r-release-windows-x86_64 0.1.0 3.00 44.00 47.00 OK
r-oldrel-macos-arm64 0.1.0 1.00 22.00 23.00 NOTE
r-oldrel-macos-x86_64 0.1.0 2.00 32.00 34.00 NOTE
r-oldrel-windows-x86_64 0.1.0 4.00 49.00 53.00 NOTE

Additional issues

donttest

Check Details

Version: 0.1.0
Check: LazyData
Result: NOTE 'LazyData' is specified without a 'data' directory Flavors: r-oldrel-macos-arm64, r-oldrel-macos-x86_64, r-oldrel-windows-x86_64