Last updated on 2025-11-16 04:48:31 CET.
| Flavor | Version | Tinstall | Tcheck | Ttotal | Status | Flags |
|---|---|---|---|---|---|---|
| r-devel-linux-x86_64-debian-clang | 1.0.42 | 5.41 | 49.64 | 55.05 | OK | |
| r-devel-linux-x86_64-debian-gcc | 1.0.42 | 5.20 | 39.04 | 44.24 | OK | |
| r-devel-linux-x86_64-fedora-clang | 1.0.42 | 32.00 | 59.69 | 91.69 | OK | |
| r-devel-linux-x86_64-fedora-gcc | 1.0.42 | 35.00 | 71.69 | 106.69 | OK | |
| r-devel-windows-x86_64 | 1.0.42 | 13.00 | 68.00 | 81.00 | OK | |
| r-patched-linux-x86_64 | 1.0.42 | 5.62 | 47.37 | 52.99 | OK | |
| r-release-linux-x86_64 | 1.0.42 | 5.57 | 47.59 | 53.16 | OK | |
| r-release-macos-arm64 | 1.0.42 | 3.00 | 37.00 | 40.00 | OK | |
| r-release-macos-x86_64 | 1.0.42 | 6.00 | 58.00 | 64.00 | OK | |
| r-release-windows-x86_64 | 1.0.42 | 11.00 | 67.00 | 78.00 | OK | |
| r-oldrel-macos-arm64 | 1.0.42 | 3.00 | 31.00 | 34.00 | NOTE | |
| r-oldrel-macos-x86_64 | 1.0.42 | 4.00 | 47.00 | 51.00 | NOTE | |
| r-oldrel-windows-x86_64 | 1.0.42 | 12.00 | 79.00 | 91.00 | NOTE |
Version: 1.0.42
Check: installed package size
Result: NOTE
installed size is 5.8Mb
sub-directories of 1Mb or more:
docs 1.0Mb
extdata 1.3Mb
htmlwidgets 1.4Mb
Flavors: r-oldrel-macos-arm64, r-oldrel-macos-x86_64, r-oldrel-windows-x86_64