Last updated on 2024-08-25 05:49:18 CEST.
Flavor | Version | Tinstall | Tcheck | Ttotal | Status | Flags |
---|---|---|---|---|---|---|
r-devel-linux-x86_64-debian-clang | 0.2.2 | 7.15 | 112.71 | 119.86 | NOTE | |
r-devel-linux-x86_64-debian-gcc | 0.2.2 | 6.06 | 79.69 | 85.75 | NOTE | |
r-devel-linux-x86_64-fedora-clang | 0.2.2 | 193.44 | NOTE | |||
r-devel-linux-x86_64-fedora-gcc | 0.2.2 | 207.75 | NOTE | |||
r-devel-windows-x86_64 | 0.2.2 | 10.00 | 115.00 | 125.00 | NOTE | |
r-patched-linux-x86_64 | 0.2.2 | 7.04 | 107.47 | 114.51 | NOTE | |
r-release-linux-x86_64 | 0.2.2 | 5.69 | 107.01 | 112.70 | NOTE | |
r-release-macos-arm64 | 0.2.2 | 55.00 | NOTE | |||
r-release-macos-x86_64 | 0.2.2 | 89.00 | NOTE | |||
r-release-windows-x86_64 | 0.2.2 | 8.00 | 116.00 | 124.00 | NOTE | |
r-oldrel-macos-arm64 | 0.2.2 | 65.00 | NOTE | |||
r-oldrel-macos-x86_64 | 0.2.2 | 108.00 | NOTE | |||
r-oldrel-windows-x86_64 | 0.2.2 | 11.00 | 142.00 | 153.00 | NOTE |
Version: 0.2.2
Check: LazyData
Result: NOTE
'LazyData' is specified without a 'data' directory
Flavors: r-devel-linux-x86_64-debian-clang, r-devel-linux-x86_64-debian-gcc, r-devel-linux-x86_64-fedora-clang, r-devel-linux-x86_64-fedora-gcc, r-devel-windows-x86_64, r-patched-linux-x86_64, r-release-linux-x86_64, r-release-macos-arm64, r-release-macos-x86_64, r-release-windows-x86_64, r-oldrel-macos-arm64, r-oldrel-macos-x86_64, r-oldrel-windows-x86_64