CRAN Package Check Results for Package dabr

Last updated on 2025-11-16 04:48:31 CET.

Flavor Version Tinstall Tcheck Ttotal Status Flags
r-devel-linux-x86_64-debian-clang 0.0.4 1.96 23.89 25.85 OK
r-devel-linux-x86_64-debian-gcc 0.0.4 1.60 20.07 21.67 NOTE
r-devel-linux-x86_64-fedora-clang 0.0.4 35.17 OK
r-devel-linux-x86_64-fedora-gcc 0.0.4 33.55 OK
r-devel-windows-x86_64 0.0.4 5.00 46.00 51.00 OK
r-patched-linux-x86_64 0.0.4 2.15 21.41 23.56 OK
r-release-linux-x86_64 0.0.4 1.83 21.77 23.60 OK
r-release-macos-arm64 0.0.4 1.00 17.00 18.00 OK
r-release-macos-x86_64 0.0.4 2.00 26.00 28.00 OK
r-release-windows-x86_64 0.0.4 4.00 47.00 51.00 OK
r-oldrel-macos-arm64 0.0.4 1.00 15.00 16.00 OK
r-oldrel-macos-x86_64 0.0.4 2.00 21.00 23.00 OK
r-oldrel-windows-x86_64 0.0.4 5.00 51.00 56.00 OK

Check Details

Version: 0.0.4
Check: CRAN incoming feasibility
Result: NOTE Maintainer: ‘Roberto Villegas-Diaz <r.villegas-diaz@outlook.com>’ The BugReports field in DESCRIPTION has https://github.com/special-uor/dabr/issues/ which should likely be https://github.com/special-uor/dabr/issues/issues instead. Flavor: r-devel-linux-x86_64-debian-gcc