Last updated on 2025-11-04 04:49:27 CET.
| Flavor | Version | Tinstall | Tcheck | Ttotal | Status | Flags | 
|---|---|---|---|---|---|---|
| r-devel-linux-x86_64-debian-clang | 0.1-1 | 10.65 | 78.84 | 89.49 | NOTE | |
| r-devel-linux-x86_64-debian-gcc | 0.1-1 | 7.67 | 55.17 | 62.84 | NOTE | |
| r-devel-linux-x86_64-fedora-clang | 0.1-1 | 25.00 | 108.63 | 133.63 | OK | |
| r-devel-linux-x86_64-fedora-gcc | 0.1-1 | 22.00 | 104.69 | 126.69 | OK | |
| r-devel-windows-x86_64 | 0.1-1 | 11.00 | 78.00 | 89.00 | OK | |
| r-patched-linux-x86_64 | 0.1-1 | 8.70 | 72.65 | 81.35 | OK | |
| r-release-linux-x86_64 | 0.1-1 | 10.25 | 72.65 | 82.90 | OK | |
| r-release-macos-arm64 | 0.1-1 | 4.00 | 35.00 | 39.00 | OK | |
| r-release-macos-x86_64 | 0.1-1 | 8.00 | 60.00 | 68.00 | OK | |
| r-release-windows-x86_64 | 0.1-1 | 10.00 | 76.00 | 86.00 | OK | |
| r-oldrel-macos-arm64 | 0.1-1 | 4.00 | 35.00 | 39.00 | OK | |
| r-oldrel-macos-x86_64 | 0.1-1 | 7.00 | 53.00 | 60.00 | OK | |
| r-oldrel-windows-x86_64 | 0.1-1 | 13.00 | 101.00 | 114.00 | OK | 
Version: 0.1-1
Check: CRAN incoming feasibility
Result: NOTE
  Maintainer: ‘Matteo Quartagno <m.quartagno@ucl.ac.uk>’
  
  No Authors@R field in DESCRIPTION.
  Please add one, modifying
    Authors@R: person(given = "Matteo",
                      family = "Quartagno",
                      role = c("aut", "cre"),
                      email = "m.quartagno@ucl.ac.uk")
  as necessary.
  
  The Description field contains
    et al. (2019) <arXiv:1905.00241>.
  Please refer to arXiv e-prints via their arXiv DOI <doi:10.48550/arXiv.YYMM.NNNNN>.
Flavors: r-devel-linux-x86_64-debian-clang, r-devel-linux-x86_64-debian-gcc