Last updated on 2024-08-25 05:49:18 CEST.
Flavor | Version | Tinstall | Tcheck | Ttotal | Status | Flags |
---|---|---|---|---|---|---|
r-devel-linux-x86_64-debian-clang | 0.70 | 19.62 | 136.84 | 156.46 | NOTE | |
r-devel-linux-x86_64-debian-gcc | 0.70 | 14.08 | 98.34 | 112.42 | NOTE | |
r-devel-linux-x86_64-fedora-clang | 0.70 | 254.80 | OK | |||
r-devel-linux-x86_64-fedora-gcc | 0.70 | 241.27 | OK | |||
r-devel-windows-x86_64 | 0.70 | 20.00 | 130.00 | 150.00 | NOTE | |
r-patched-linux-x86_64 | 0.70 | 24.84 | 130.86 | 155.70 | OK | |
r-release-linux-x86_64 | 0.70 | 17.89 | 130.29 | 148.18 | OK | |
r-release-macos-arm64 | 0.70 | 64.00 | OK | |||
r-release-macos-x86_64 | 0.70 | 99.00 | OK | |||
r-release-windows-x86_64 | 0.70 | 19.00 | 135.00 | 154.00 | OK | |
r-oldrel-macos-arm64 | 0.70 | 79.00 | OK | |||
r-oldrel-macos-x86_64 | 0.70 | 231.00 | OK | |||
r-oldrel-windows-x86_64 | 0.70 | 26.00 | 170.00 | 196.00 | OK |
Version: 0.70
Check: Rd cross-references
Result: NOTE
Found the following Rd file(s) with Rd \link{} targets missing package
anchors:
gl.diagnostics.sim.Rd: gl.filter.callrate
Please provide package anchors for all Rd \link{} targets not in the
package itself and the base packages.
Flavors: r-devel-linux-x86_64-debian-clang, r-devel-linux-x86_64-debian-gcc, r-devel-windows-x86_64