Last updated on 2024-08-25 05:49:18 CEST.
Flavor | Version | Tinstall | Tcheck | Ttotal | Status | Flags |
---|---|---|---|---|---|---|
r-devel-linux-x86_64-debian-clang | 0.2.1 | 5.97 | 43.54 | 49.51 | OK | |
r-devel-linux-x86_64-debian-gcc | 0.2.1 | 3.69 | 31.40 | 35.09 | OK | |
r-devel-linux-x86_64-fedora-clang | 0.2.1 | 79.58 | NOTE | |||
r-devel-linux-x86_64-fedora-gcc | 0.2.1 | 77.02 | OK | |||
r-devel-windows-x86_64 | 0.2.1 | 7.00 | 65.00 | 72.00 | OK | |
r-patched-linux-x86_64 | 0.2.1 | 5.94 | 41.49 | 47.43 | OK | |
r-release-linux-x86_64 | 0.2.1 | 4.94 | 41.32 | 46.26 | OK | |
r-release-macos-arm64 | 0.2.1 | 26.00 | OK | |||
r-release-macos-x86_64 | 0.2.1 | 39.00 | OK | |||
r-release-windows-x86_64 | 0.2.1 | 8.00 | 64.00 | 72.00 | OK | |
r-oldrel-macos-arm64 | 0.2.1 | 35.00 | OK | |||
r-oldrel-macos-x86_64 | 0.2.1 | 50.00 | OK | |||
r-oldrel-windows-x86_64 | 0.2.1 | 10.00 | 72.00 | 82.00 | OK |
Version: 0.2.1
Check: Rd cross-references
Result: NOTE
Undeclared package ‘tidyselect’ in Rd xrefs
Flavor: r-devel-linux-x86_64-fedora-clang