Last updated on 2025-02-20 04:51:09 CET.
Flavor | Version | Tinstall | Tcheck | Ttotal | Status | Flags |
---|---|---|---|---|---|---|
r-devel-linux-x86_64-debian-clang | 1.0.0 | 7.04 | 56.61 | 63.65 | OK | |
r-devel-linux-x86_64-debian-gcc | 1.0.0 | 4.29 | 39.66 | 43.95 | OK | |
r-devel-linux-x86_64-fedora-clang | 1.0.0 | 100.90 | OK | |||
r-devel-linux-x86_64-fedora-gcc | 1.0.0 | 89.53 | OK | |||
r-devel-macos-arm64 | 1.0.0 | 34.00 | OK | |||
r-devel-macos-x86_64 | 1.0.0 | 53.00 | OK | |||
r-devel-windows-x86_64 | 1.0.0 | 7.00 | 73.00 | 80.00 | OK | |
r-patched-linux-x86_64 | 1.0.0 | 6.57 | 51.01 | 57.58 | OK | |
r-release-linux-x86_64 | 1.0.0 | 6.21 | 50.37 | 56.58 | OK | |
r-release-macos-arm64 | 1.0.0 | 30.00 | OK | |||
r-release-macos-x86_64 | 1.0.0 | 43.00 | OK | |||
r-release-windows-x86_64 | 1.0.0 | 7.00 | 3.00 | 10.00 | FAIL | |
r-oldrel-macos-arm64 | 1.0.0 | 29.00 | OK | |||
r-oldrel-macos-x86_64 | 1.0.0 | 50.00 | OK | |||
r-oldrel-windows-x86_64 | 1.0.0 | 10.00 | 107.00 | 117.00 | OK |
Version: 1.0.0
Check: package dependencies
Result: FAIL
Flavor: r-release-windows-x86_64