CRAN Package Check Results for Package datapasta

Last updated on 2025-11-16 04:48:31 CET.

Flavor Version Tinstall Tcheck Ttotal Status Flags
r-devel-linux-x86_64-debian-clang 3.1.0 2.55 33.95 36.50 OK
r-devel-linux-x86_64-debian-gcc 3.1.0 1.92 27.40 29.32 OK
r-devel-linux-x86_64-fedora-clang 3.1.0 56.59 OK
r-devel-linux-x86_64-fedora-gcc 3.1.0 67.37 OK
r-devel-windows-x86_64 3.1.0 7.00 55.00 62.00 OK
r-patched-linux-x86_64 3.1.0 2.47 32.18 34.65 OK
r-release-linux-x86_64 3.1.0 2.74 32.35 35.09 OK
r-release-macos-arm64 3.1.0 1.00 26.00 27.00 OK
r-release-macos-x86_64 3.1.0 2.00 50.00 52.00 OK
r-release-windows-x86_64 3.1.0 5.00 55.00 60.00 OK
r-oldrel-macos-arm64 3.1.0 1.00 25.00 26.00 NOTE
r-oldrel-macos-x86_64 3.1.0 2.00 38.00 40.00 NOTE
r-oldrel-windows-x86_64 3.1.0 5.00 63.00 68.00 NOTE

Check Details

Version: 3.1.0
Check: LazyData
Result: NOTE 'LazyData' is specified without a 'data' directory Flavors: r-oldrel-macos-arm64, r-oldrel-macos-x86_64, r-oldrel-windows-x86_64