Last updated on 2024-08-25 05:49:18 CEST.
Flavor | Version | Tinstall | Tcheck | Ttotal | Status | Flags |
---|---|---|---|---|---|---|
r-devel-linux-x86_64-debian-clang | 0.0.5 | 3.56 | 32.60 | 36.16 | OK | |
r-devel-linux-x86_64-debian-gcc | 0.0.5 | 2.28 | 24.80 | 27.08 | OK | |
r-devel-linux-x86_64-fedora-clang | 0.0.5 | 62.24 | NOTE | |||
r-devel-linux-x86_64-fedora-gcc | 0.0.5 | 57.14 | NOTE | |||
r-devel-windows-x86_64 | 0.0.5 | 6.00 | 52.00 | 58.00 | OK | |
r-patched-linux-x86_64 | 0.0.5 | 3.06 | 30.83 | 33.89 | OK | |
r-release-linux-x86_64 | 0.0.4 | 3.14 | 30.87 | 34.01 | OK | |
r-release-macos-arm64 | 0.0.5 | 24.00 | OK | |||
r-release-macos-x86_64 | 0.0.5 | 53.00 | OK | |||
r-release-windows-x86_64 | 0.0.5 | 7.00 | 55.00 | 62.00 | OK | |
r-oldrel-macos-arm64 | 0.0.5 | 31.00 | OK | |||
r-oldrel-macos-x86_64 | 0.0.5 | 40.00 | OK | |||
r-oldrel-windows-x86_64 | 0.0.5 | 8.00 | 60.00 | 68.00 | OK |
Version: 0.0.5
Check: data for non-ASCII characters
Result: NOTE
Note: found 2 marked UTF-8 strings
Flavors: r-devel-linux-x86_64-fedora-clang, r-devel-linux-x86_64-fedora-gcc