Last updated on 2025-11-16 04:48:31 CET.
| Flavor | Version | Tinstall | Tcheck | Ttotal | Status | Flags |
|---|---|---|---|---|---|---|
| r-devel-linux-x86_64-debian-clang | 0.4.0 | 7.06 | 95.10 | 102.16 | OK | |
| r-devel-linux-x86_64-debian-gcc | 0.4.0 | 4.42 | 72.63 | 77.05 | NOTE | |
| r-devel-linux-x86_64-fedora-clang | 0.4.0 | 18.00 | 139.07 | 157.07 | OK | |
| r-devel-linux-x86_64-fedora-gcc | 0.4.0 | 15.00 | 146.15 | 161.15 | OK | |
| r-devel-windows-x86_64 | 0.4.0 | 11.00 | 117.00 | 128.00 | OK | |
| r-patched-linux-x86_64 | 0.4.0 | 7.18 | 88.25 | 95.43 | OK | |
| r-release-linux-x86_64 | 0.4.0 | 6.45 | 89.37 | 95.82 | OK | |
| r-release-macos-arm64 | 0.4.0 | 3.00 | 58.00 | 61.00 | OK | |
| r-release-macos-x86_64 | 0.4.0 | 6.00 | 103.00 | 109.00 | OK | |
| r-release-windows-x86_64 | 0.4.0 | 8.00 | 119.00 | 127.00 | OK | |
| r-oldrel-macos-arm64 | 0.4.0 | 3.00 | 53.00 | 56.00 | OK | |
| r-oldrel-macos-x86_64 | 0.4.0 | 6.00 | 107.00 | 113.00 | OK | |
| r-oldrel-windows-x86_64 | 0.4.0 | 13.00 | 143.00 | 156.00 | OK |
Version: 0.4.0
Check: CRAN incoming feasibility
Result: NOTE
Maintainer: ‘Daniel Antal <daniel.antal@dataobservatory.eu>’
The BugReports field in DESCRIPTION has
https://github.com/dataobservatory-eu/dataset/issues/
which should likely be
https://github.com/dataobservatory-eu/dataset/issues/issues
instead.
Flavor: r-devel-linux-x86_64-debian-gcc