CRAN Package Check Results for Package datasetjson

Last updated on 2025-11-16 04:48:31 CET.

Flavor Version Tinstall Tcheck Ttotal Status Flags
r-devel-linux-x86_64-debian-clang 0.3.0 2.17 58.95 61.12 OK
r-devel-linux-x86_64-debian-gcc 0.3.0 2.36 45.22 47.58 NOTE
r-devel-linux-x86_64-fedora-clang 0.3.0 94.52 OK
r-devel-linux-x86_64-fedora-gcc 0.3.0 105.19 OK
r-devel-windows-x86_64 0.3.0 5.00 76.00 81.00 OK
r-patched-linux-x86_64 0.3.0 3.18 54.76 57.94 OK
r-release-linux-x86_64 0.3.0 2.63 54.95 57.58 OK
r-release-macos-arm64 0.3.0 2.00 46.00 48.00 OK
r-release-macos-x86_64 0.3.0 3.00 79.00 82.00 OK
r-release-windows-x86_64 0.3.0 5.00 73.00 78.00 OK
r-oldrel-macos-arm64 0.3.0 1.00 38.00 39.00 OK
r-oldrel-macos-x86_64 0.3.0 3.00 82.00 85.00 OK
r-oldrel-windows-x86_64 0.3.0 6.00 85.00 91.00 OK

Check Details

Version: 0.3.0
Check: CRAN incoming feasibility
Result: NOTE Maintainer: ‘Mike Stackhouse <mike.stackhouse@atorusresearch.com>’ The BugReports field in DESCRIPTION has https://github.com/atorus-research/datasetjson/issues/ which should likely be https://github.com/atorus-research/datasetjson/issues/issues instead. Flavor: r-devel-linux-x86_64-debian-gcc