Last updated on 2025-02-21 04:51:44 CET.
Flavor | Version | Tinstall | Tcheck | Ttotal | Status | Flags |
---|---|---|---|---|---|---|
r-devel-linux-x86_64-debian-clang | 1.0.0 | 14.23 | 427.53 | 441.76 | OK | |
r-devel-linux-x86_64-debian-gcc | 1.0.0 | 9.33 | 392.99 | 402.32 | OK | |
r-devel-linux-x86_64-fedora-clang | 1.0.0 | 607.61 | ERROR | |||
r-devel-linux-x86_64-fedora-gcc | 1.0.0 | 1141.75 | ERROR | |||
r-devel-macos-arm64 | 1.0.0 | 429.00 | OK | |||
r-devel-macos-x86_64 | 1.0.0 | 782.00 | OK | |||
r-devel-windows-x86_64 | 1.0.0 | 14.00 | 305.00 | 319.00 | OK | |
r-patched-linux-x86_64 | 1.0.0 | 16.19 | 414.37 | 430.56 | OK | |
r-release-linux-x86_64 | 1.0.0 | 11.76 | 417.46 | 429.22 | OK | |
r-release-macos-arm64 | 1.0.0 | 473.00 | OK | |||
r-release-macos-x86_64 | 1.0.0 | 815.00 | OK | |||
r-release-windows-x86_64 | 1.0.0 | 13.00 | 300.00 | 313.00 | OK | |
r-oldrel-macos-arm64 | 1.0.0 | 442.00 | OK | |||
r-oldrel-macos-x86_64 | 1.0.0 | 948.00 | OK | |||
r-oldrel-windows-x86_64 | 1.0.0 | 17.00 | 384.00 | 401.00 | OK |
Version: 1.0.0
Check: tests
Result: ERROR
Running ‘testthat.R’ [417s/293s]
Running the tests in ‘tests/testthat.R’ failed.
Complete output:
> library(testthat)
> library(datawizard)
>
> test_check("datawizard")
Starting 2 test processes
[ FAIL 1 | WARN 2 | SKIP 81 | PASS 1866 ]
══ Skipped tests (81) ══════════════════════════════════════════════════════════
• On CRAN (80): 'test-categorize.R:239:3', 'test-categorize.R:246:3',
'test-contr.deviation.R:21:3', 'test-data_codebook.R:5:3',
'test-data_codebook.R:10:3', 'test-data_codebook.R:18:3',
'test-data_codebook.R:31:3', 'test-data_codebook.R:36:3',
'test-data_codebook.R:41:3', 'test-data_codebook.R:49:3',
'test-data_codebook.R:57:3', 'test-data_codebook.R:70:3',
'test-data_codebook.R:81:3', 'test-data_codebook.R:91:3',
'test-data_codebook.R:103:3', 'test-data_codebook.R:121:3',
'test-data_codebook.R:138:3', 'test-data_codebook.R:147:3',
'test-data_codebook.R:156:3', 'test-data_codebook.R:177:3',
'test-data_codebook.R:208:3', 'test-data_partition.R:11:3',
'test-data_peek.R:32:3', 'test-data_read.R:8:1', 'test-data_modify.R:389:3',
'test-data_modify.R:398:3', 'test-data_rescale.R:34:3',
'test-data_seek.R:80:3', 'test-data_separate.R:172:3',
'test-data_separate.R:236:3', 'test-data_separate.R:321:3',
'test-data_separate.R:333:3', 'test-data_summary.R:170:3',
'test-data_summary.R:177:3', 'test-data_to_factor.R:87:1',
'test-data_to_long.R:72:3', 'test-data_to_long.R:496:3',
'test-data_to_numeric.R:2:3', 'test-data_to_numeric.R:44:3',
'test-data_to_numeric.R:175:3', 'test-data_tabulate.R:64:3',
'test-data_tabulate.R:157:3', 'test-data_tabulate.R:163:3',
'test-data_tabulate.R:170:3', 'test-data_tabulate.R:177:3',
'test-data_tabulate.R:234:3', 'test-data_tabulate.R:240:3',
'test-data_tabulate.R:248:3', 'test-data_tabulate.R:306:3',
'test-data_tabulate.R:342:3', 'test-data_tabulate.R:382:3',
'test-data_tabulate.R:414:3', 'test-data_write.R:5:1', 'test-demean.R:12:3',
'test-demean.R:66:3', 'test-empty-dataframe.R:16:3',
'test-describe_distribution.R:95:3', 'test-describe_distribution.R:104:3',
'test-describe_distribution.R:281:3', 'test-means_by_group.R:4:3',
'test-means_by_group.R:19:3', 'test-print.dw_transformer.R:3:3',
'test-normalize.R:30:3', 'test-ranktransform.R:67:3',
'test-rescale_weights.R:6:3', 'test-rescale_weights.R:31:3',
'test-rescale_weights.R:41:3', 'test-reshape_ci.R:12:3',
'test-reshape_ci.R:25:3', 'test-smoothness.R:28:3',
'test-skewness-kurtosis.R:27:3', 'test-skewness-kurtosis.R:37:3',
'test-skewness-kurtosis.R:48:3', 'test-skewness-kurtosis.R:58:3',
'test-standardize_models.R:210:3', 'test-standardize_models.R:241:3',
'test-standardize_models.R:320:3', 'test-text_format.R:2:3',
'test-text_format.R:74:3', 'test-winsorization.R:8:3'
• {bayestesR} is not installed (1): 'test-data_summary.R:234:3'
══ Failed tests ════════════════════════════════════════════════════════════════
── Failure ('test-adjust.R:4:3'): adjust multilevel ────────────────────────────
head(adj$Sepal.Length) (`actual`) not equal to c(0.08698, -0.11302, -0.31302, -0.41302, -0.01302, 0.38698) (`expected`).
`actual`: 0.0838 -0.1162 -0.3162 -0.4162 -0.0162 0.3838
`expected`: 0.0870 -0.1130 -0.3130 -0.4130 -0.0130 0.3870
[ FAIL 1 | WARN 2 | SKIP 81 | PASS 1866 ]
Error: Test failures
Execution halted
Flavor: r-devel-linux-x86_64-fedora-clang
Version: 1.0.0
Check: tests
Result: ERROR
Running ‘testthat.R’ [16m/23m]
Running the tests in ‘tests/testthat.R’ failed.
Complete output:
> library(testthat)
> library(datawizard)
>
> test_check("datawizard")
Starting 2 test processes
Superclass process has cloneable=FALSE, but subclass r_session has cloneable=TRUE. A subclass cannot be cloneable when its superclass is not cloneable, so cloning will be disabled for r_session.
Superclass process has cloneable=FALSE, but subclass r_session has cloneable=TRUE. A subclass cannot be cloneable when its superclass is not cloneable, so cloning will be disabled for r_session.
[ FAIL 1 | WARN 2 | SKIP 81 | PASS 1866 ]
══ Skipped tests (81) ══════════════════════════════════════════════════════════
• On CRAN (80): 'test-categorize.R:239:3', 'test-categorize.R:246:3',
'test-contr.deviation.R:21:3', 'test-data_codebook.R:5:3',
'test-data_codebook.R:10:3', 'test-data_codebook.R:18:3',
'test-data_codebook.R:31:3', 'test-data_codebook.R:36:3',
'test-data_codebook.R:41:3', 'test-data_codebook.R:49:3',
'test-data_codebook.R:57:3', 'test-data_codebook.R:70:3',
'test-data_codebook.R:81:3', 'test-data_codebook.R:91:3',
'test-data_codebook.R:103:3', 'test-data_codebook.R:121:3',
'test-data_codebook.R:138:3', 'test-data_codebook.R:147:3',
'test-data_codebook.R:156:3', 'test-data_codebook.R:177:3',
'test-data_codebook.R:208:3', 'test-data_partition.R:11:3',
'test-data_peek.R:32:3', 'test-data_read.R:8:1', 'test-data_modify.R:389:3',
'test-data_modify.R:398:3', 'test-data_rescale.R:34:3',
'test-data_seek.R:80:3', 'test-data_separate.R:172:3',
'test-data_separate.R:236:3', 'test-data_separate.R:321:3',
'test-data_separate.R:333:3', 'test-data_summary.R:170:3',
'test-data_summary.R:177:3', 'test-data_to_factor.R:87:1',
'test-data_tabulate.R:64:3', 'test-data_tabulate.R:157:3',
'test-data_tabulate.R:163:3', 'test-data_tabulate.R:170:3',
'test-data_tabulate.R:177:3', 'test-data_tabulate.R:234:3',
'test-data_tabulate.R:240:3', 'test-data_tabulate.R:248:3',
'test-data_tabulate.R:306:3', 'test-data_tabulate.R:342:3',
'test-data_tabulate.R:382:3', 'test-data_tabulate.R:414:3',
'test-data_to_long.R:72:3', 'test-data_to_long.R:496:3',
'test-data_to_numeric.R:2:3', 'test-data_to_numeric.R:44:3',
'test-data_to_numeric.R:175:3', 'test-data_write.R:5:1',
'test-demean.R:12:3', 'test-demean.R:66:3', 'test-empty-dataframe.R:16:3',
'test-describe_distribution.R:95:3', 'test-describe_distribution.R:104:3',
'test-describe_distribution.R:281:3', 'test-means_by_group.R:4:3',
'test-means_by_group.R:19:3', 'test-print.dw_transformer.R:3:3',
'test-ranktransform.R:67:3', 'test-normalize.R:30:3',
'test-rescale_weights.R:6:3', 'test-rescale_weights.R:31:3',
'test-rescale_weights.R:41:3', 'test-reshape_ci.R:12:3',
'test-reshape_ci.R:25:3', 'test-skewness-kurtosis.R:27:3',
'test-skewness-kurtosis.R:37:3', 'test-skewness-kurtosis.R:48:3',
'test-skewness-kurtosis.R:58:3', 'test-smoothness.R:28:3',
'test-standardize_models.R:210:3', 'test-standardize_models.R:241:3',
'test-standardize_models.R:320:3', 'test-text_format.R:2:3',
'test-text_format.R:74:3', 'test-winsorization.R:8:3'
• {bayestesR} is not installed (1): 'test-data_summary.R:234:3'
══ Failed tests ════════════════════════════════════════════════════════════════
── Failure ('test-adjust.R:4:3'): adjust multilevel ────────────────────────────
head(adj$Sepal.Length) (`actual`) not equal to c(0.08698, -0.11302, -0.31302, -0.41302, -0.01302, 0.38698) (`expected`).
`actual`: 0.0838 -0.1162 -0.3162 -0.4162 -0.0162 0.3838
`expected`: 0.0870 -0.1130 -0.3130 -0.4130 -0.0130 0.3870
[ FAIL 1 | WARN 2 | SKIP 81 | PASS 1866 ]
Error: Test failures
Execution halted
Flavor: r-devel-linux-x86_64-fedora-gcc