Last updated on 2025-11-16 04:48:31 CET.
| Flavor | Version | Tinstall | Tcheck | Ttotal | Status | Flags |
|---|---|---|---|---|---|---|
| r-devel-linux-x86_64-debian-clang | 2.11-0 | 23.44 | 189.76 | 213.20 | OK | |
| r-devel-linux-x86_64-debian-gcc | 2.11-0 | 17.04 | 133.78 | 150.82 | NOTE | |
| r-devel-linux-x86_64-fedora-clang | 2.11-0 | 155.00 | 209.15 | 364.15 | OK | |
| r-devel-linux-x86_64-fedora-gcc | 2.11-0 | 58.00 | 282.26 | 340.26 | OK | |
| r-devel-windows-x86_64 | 2.11-0 | 40.00 | 200.00 | 240.00 | OK | |
| r-patched-linux-x86_64 | 2.11-0 | 26.98 | 184.84 | 211.82 | OK | |
| r-release-linux-x86_64 | 2.11-0 | 23.22 | 183.19 | 206.41 | OK | |
| r-release-macos-arm64 | 2.11-0 | 12.00 | 78.00 | 90.00 | OK | |
| r-release-macos-x86_64 | 2.11-0 | 21.00 | 156.00 | 177.00 | OK | |
| r-release-windows-x86_64 | 2.11-0 | 32.00 | 205.00 | 237.00 | OK | |
| r-oldrel-macos-arm64 | 2.11-0 | 11.00 | 80.00 | 91.00 | OK | |
| r-oldrel-macos-x86_64 | 2.11-0 | 18.00 | 169.00 | 187.00 | OK | |
| r-oldrel-windows-x86_64 | 2.11-0 | 43.00 | 263.00 | 306.00 | OK |
Version: 2.11-0
Check: CRAN incoming feasibility
Result: NOTE
Maintainer: ‘Eric Marcon <eric.marcon@agroparistech.fr>’
The BugReports field in DESCRIPTION has
https://github.com/EricMarcon/dbmss/issues/
which should likely be
https://github.com/EricMarcon/dbmss/issues/issues
instead.
Flavor: r-devel-linux-x86_64-debian-gcc