Last updated on 2025-10-26 04:48:31 CET.
| Flavor | Version | Tinstall | Tcheck | Ttotal | Status | Flags | 
|---|---|---|---|---|---|---|
| r-devel-linux-x86_64-debian-clang | 0.1.0 | 2.48 | 27.59 | 30.07 | OK | |
| r-devel-linux-x86_64-debian-gcc | 0.1.0 | 1.46 | 21.74 | 23.20 | OK | |
| r-devel-linux-x86_64-fedora-clang | 0.1.0 | 44.72 | OK | |||
| r-devel-linux-x86_64-fedora-gcc | 0.1.0 | 42.14 | OK | |||
| r-devel-windows-x86_64 | 0.1.0 | 4.00 | 43.00 | 47.00 | OK | |
| r-patched-linux-x86_64 | 0.1.0 | 2.11 | 26.12 | 28.23 | OK | |
| r-release-linux-x86_64 | 0.1.0 | 2.20 | 26.24 | 28.44 | OK | |
| r-release-macos-arm64 | 0.1.0 | 2.00 | 18.00 | 20.00 | OK | |
| r-release-macos-x86_64 | 0.1.0 | 3.00 | 30.00 | 33.00 | OK | |
| r-release-windows-x86_64 | 0.1.0 | 4.00 | 46.00 | 50.00 | OK | |
| r-oldrel-macos-arm64 | 0.1.0 | 1.00 | 17.00 | 18.00 | NOTE | |
| r-oldrel-macos-x86_64 | 0.1.0 | 2.00 | 22.00 | 24.00 | NOTE | |
| r-oldrel-windows-x86_64 | 0.1.0 | 5.00 | 50.00 | 55.00 | NOTE | 
Version: 0.1.0
Check: LazyData
Result: NOTE
    'LazyData' is specified without a 'data' directory
Flavors: r-oldrel-macos-arm64, r-oldrel-macos-x86_64, r-oldrel-windows-x86_64