Last updated on 2024-08-25 05:49:18 CEST.
Flavor | Version | Tinstall | Tcheck | Ttotal | Status | Flags |
---|---|---|---|---|---|---|
r-devel-linux-x86_64-debian-clang | 0.4-1 | 30.64 | 209.41 | 240.05 | NOTE | |
r-devel-linux-x86_64-debian-gcc | 0.4-1 | 24.19 | 145.72 | 169.91 | NOTE | |
r-devel-linux-x86_64-fedora-clang | 0.4-1 | 396.64 | OK | |||
r-devel-linux-x86_64-fedora-gcc | 0.4-1 | 369.96 | OK | |||
r-devel-windows-x86_64 | 0.4-1 | 23.00 | 209.00 | 232.00 | NOTE | |
r-patched-linux-x86_64 | 0.4-1 | 41.55 | 203.58 | 245.13 | OK | |
r-release-linux-x86_64 | 0.4-1 | 34.28 | 203.18 | 237.46 | OK | |
r-release-macos-arm64 | 0.4-1 | 93.00 | OK | |||
r-release-macos-x86_64 | 0.4-1 | 153.00 | OK | |||
r-release-windows-x86_64 | 0.4-1 | 24.00 | 208.00 | 232.00 | OK | |
r-oldrel-macos-arm64 | 0.4-1 | 80.00 | OK | |||
r-oldrel-macos-x86_64 | 0.4-1 | 199.00 | OK | |||
r-oldrel-windows-x86_64 | 0.4-1 | 31.00 | 261.00 | 292.00 | OK |
Version: 0.4-1
Check: Rd cross-references
Result: NOTE
Found the following Rd file(s) with Rd \link{} targets missing package
anchors:
dcFit-class.Rd: bugs.fit
gsFit-class.Rd: bugs.fit
Please provide package anchors for all Rd \link{} targets not in the
package itself and the base packages.
Flavors: r-devel-linux-x86_64-debian-clang, r-devel-linux-x86_64-debian-gcc, r-devel-windows-x86_64