CRAN Package Check Results for Package deckgl

Last updated on 2025-11-16 04:48:31 CET.

Flavor Version Tinstall Tcheck Ttotal Status Flags
r-devel-linux-x86_64-debian-clang 0.3.0 4.27 50.18 54.45 OK
r-devel-linux-x86_64-debian-gcc 0.3.0 3.16 38.95 42.11 NOTE
r-devel-linux-x86_64-fedora-clang 0.3.0 79.29 OK
r-devel-linux-x86_64-fedora-gcc 0.3.0 88.97 OK
r-devel-windows-x86_64 0.3.0 9.00 71.00 80.00 OK
r-patched-linux-x86_64 0.3.0 5.32 44.39 49.71 OK
r-release-linux-x86_64 0.3.0 4.21 44.50 48.71 OK
r-release-macos-arm64 0.3.0 2.00 31.00 33.00 OK
r-release-macos-x86_64 0.3.0 4.00 55.00 59.00 OK
r-release-windows-x86_64 0.3.0 8.00 73.00 81.00 OK
r-oldrel-macos-arm64 0.3.0 2.00 30.00 32.00 OK
r-oldrel-macos-x86_64 0.3.0 4.00 54.00 58.00 OK
r-oldrel-windows-x86_64 0.3.0 11.00 82.00 93.00 OK

Check Details

Version: 0.3.0
Check: CRAN incoming feasibility
Result: NOTE Maintainer: ‘Stefan Kuethe <crazycapivara@gmail.com>’ The BugReports field in DESCRIPTION has https://github.com/crazycapivara/deckgl/issues/ which should likely be https://github.com/crazycapivara/deckgl/issues/issues instead. Flavor: r-devel-linux-x86_64-debian-gcc