CRAN Package Check Results for Package deepnet

Last updated on 2025-10-26 04:48:31 CET.

Flavor Version Tinstall Tcheck Ttotal Status Flags
r-devel-linux-x86_64-debian-clang 0.2.1 2.08 23.01 25.09 NOTE
r-devel-linux-x86_64-debian-gcc 0.2.1 1.57 18.84 20.41 NOTE
r-devel-linux-x86_64-fedora-clang 0.2.1 37.52 OK
r-devel-linux-x86_64-fedora-gcc 0.2.1 34.71 OK
r-devel-windows-x86_64 0.2.1 3.00 43.00 46.00 OK
r-patched-linux-x86_64 0.2.1 2.33 21.60 23.93 OK
r-release-linux-x86_64 0.2.1 2.06 21.82 23.88 OK
r-release-macos-arm64 0.2.1 1.00 15.00 16.00 OK
r-release-macos-x86_64 0.2.1 2.00 23.00 25.00 OK
r-release-windows-x86_64 0.2.1 3.00 48.00 51.00 OK
r-oldrel-macos-arm64 0.2.1 1.00 14.00 15.00 OK
r-oldrel-macos-x86_64 0.2.1 2.00 21.00 23.00 OK
r-oldrel-windows-x86_64 0.2.1 3.00 44.00 47.00 OK

Check Details

Version: 0.2.1
Check: CRAN incoming feasibility
Result: NOTE Maintainer: ‘Xiao Rong <runxiao@gmail.com>’ No Authors@R field in DESCRIPTION. Please add one, modifying Authors@R: person(given = "Xiao", family = "Rong", role = c("aut", "cre"), email = "runxiao@gmail.com") as necessary. Flavors: r-devel-linux-x86_64-debian-clang, r-devel-linux-x86_64-debian-gcc