CRAN Package Check Results for Package deflateBR

Last updated on 2025-11-16 04:48:31 CET.

Flavor Version Tinstall Tcheck Ttotal Status Flags
r-devel-linux-x86_64-debian-clang 1.1.2 2.42 29.14 31.56 OK
r-devel-linux-x86_64-debian-gcc 1.1.2 2.03 23.09 25.12 NOTE
r-devel-linux-x86_64-fedora-clang 1.1.2 45.44 OK
r-devel-linux-x86_64-fedora-gcc 1.1.2 43.07 OK
r-devel-windows-x86_64 1.1.2 8.00 46.00 54.00 OK
r-patched-linux-x86_64 1.1.2 2.26 26.17 28.43 OK
r-release-linux-x86_64 1.1.2 2.72 26.24 28.96 OK
r-release-macos-arm64 1.1.2 1.00 16.00 17.00 OK
r-release-macos-x86_64 1.1.2 2.00 26.00 28.00 OK
r-release-windows-x86_64 1.1.2 6.00 44.00 50.00 OK
r-oldrel-macos-arm64 1.1.2 1.00 18.00 19.00 NOTE
r-oldrel-macos-x86_64 1.1.2 2.00 25.00 27.00 NOTE
r-oldrel-windows-x86_64 1.1.2 6.00 51.00 57.00 NOTE

Check Details

Version: 1.1.2
Check: CRAN incoming feasibility
Result: NOTE Maintainer: ‘Fernando Meireles <fmeireles@ufmg.br>’ The BugReports field in DESCRIPTION has https://github.com/meirelesff/deflatebr/issues/ which should likely be https://github.com/meirelesff/deflatebr/issues/issues instead. Flavor: r-devel-linux-x86_64-debian-gcc

Version: 1.1.2
Check: LazyData
Result: NOTE 'LazyData' is specified without a 'data' directory Flavors: r-oldrel-macos-arm64, r-oldrel-macos-x86_64, r-oldrel-windows-x86_64