CRAN Package Check Results for Package degday

Last updated on 2025-11-16 04:48:31 CET.

Flavor Version Tinstall Tcheck Ttotal Status Flags
r-devel-linux-x86_64-debian-clang 0.4.0 2.54 27.49 30.03 OK
r-devel-linux-x86_64-debian-gcc 0.4.0 1.93 22.72 24.65 NOTE
r-devel-linux-x86_64-fedora-clang 0.4.0 43.01 OK
r-devel-linux-x86_64-fedora-gcc 0.4.0 40.57 OK
r-devel-windows-x86_64 0.4.0 4.00 43.00 47.00 OK
r-patched-linux-x86_64 0.4.0 2.43 24.60 27.03 OK
r-release-linux-x86_64 0.4.0 2.44 24.68 27.12 OK
r-release-macos-arm64 0.4.0 1.00 17.00 18.00 OK
r-release-macos-x86_64 0.4.0 2.00 28.00 30.00 OK
r-release-windows-x86_64 0.4.0 3.00 43.00 46.00 OK
r-oldrel-macos-arm64 0.4.0 1.00 16.00 17.00 OK
r-oldrel-macos-x86_64 0.4.0 2.00 27.00 29.00 OK
r-oldrel-windows-x86_64 0.4.0 5.00 50.00 55.00 OK

Check Details

Version: 0.4.0
Check: CRAN incoming feasibility
Result: NOTE Maintainer: ‘Andy Lyons <andlyons@ucanr.edu>’ The BugReports field in DESCRIPTION has https://github.com/ucanr-igis/degday/issues/ which should likely be https://github.com/ucanr-igis/degday/issues/issues instead. Flavor: r-devel-linux-x86_64-debian-gcc