Last updated on 2025-11-16 04:48:31 CET.
| Flavor | Version | Tinstall | Tcheck | Ttotal | Status | Flags |
|---|---|---|---|---|---|---|
| r-devel-linux-x86_64-debian-clang | 0.1.8 | 25.36 | 272.95 | 298.31 | OK | |
| r-devel-linux-x86_64-debian-gcc | 0.1.8 | 15.20 | 158.41 | 173.61 | OK | |
| r-devel-linux-x86_64-fedora-clang | 0.1.8 | 116.00 | 395.76 | 511.76 | OK | |
| r-devel-linux-x86_64-fedora-gcc | 0.1.8 | 221.00 | 274.95 | 495.95 | OK | |
| r-devel-windows-x86_64 | 0.1.8 | 28.00 | 218.00 | 246.00 | OK | |
| r-patched-linux-x86_64 | 0.1.8 | 24.43 | 267.28 | 291.71 | OK | |
| r-release-linux-x86_64 | 0.1.8 | 21.90 | 263.81 | 285.71 | OK | |
| r-release-macos-arm64 | 0.1.8 | 10.00 | 97.00 | 107.00 | OK | |
| r-release-macos-x86_64 | 0.1.8 | 31.00 | 299.00 | 330.00 | OK | |
| r-release-windows-x86_64 | 0.1.8 | 30.00 | 213.00 | 243.00 | OK | |
| r-oldrel-macos-arm64 | 0.1.8 | 11.00 | 95.00 | 106.00 | OK | |
| r-oldrel-macos-x86_64 | 0.1.8 | 34.00 | 272.00 | 306.00 | OK | |
| r-oldrel-windows-x86_64 | 0.1.8 | 34.00 | 326.00 | 360.00 | NOTE |
Version: 0.1.8
Check: package dependencies
Result: NOTE
Package suggested but not available for checking: 'OpenMx'
Flavor: r-oldrel-windows-x86_64