Last updated on 2025-02-20 04:51:09 CET.
Flavor | Version | Tinstall | Tcheck | Ttotal | Status | Flags |
---|---|---|---|---|---|---|
r-devel-linux-x86_64-debian-clang | 1.1.8 | 3.99 | 26.73 | 30.72 | OK | |
r-devel-linux-x86_64-debian-gcc | 1.1.8 | 3.21 | 19.67 | 22.88 | OK | |
r-devel-linux-x86_64-fedora-clang | 1.1.8 | 48.87 | OK | |||
r-devel-linux-x86_64-fedora-gcc | 1.1.8 | 46.50 | OK | |||
r-devel-macos-arm64 | 1.1.8 | 20.00 | OK | |||
r-devel-macos-x86_64 | 1.1.8 | 34.00 | OK | |||
r-devel-windows-x86_64 | 1.1.8 | 7.00 | 64.00 | 71.00 | OK | |
r-patched-linux-x86_64 | 1.1.8 | 3.91 | 25.03 | 28.94 | OK | |
r-release-linux-x86_64 | 1.1.8 | 3.83 | 24.98 | 28.81 | OK | |
r-release-macos-arm64 | 1.1.8 | 20.00 | OK | |||
r-release-macos-x86_64 | 1.1.8 | 30.00 | OK | |||
r-release-windows-x86_64 | 1.1.8 | 7.00 | 3.00 | 10.00 | FAIL | |
r-oldrel-macos-arm64 | 1.1.8 | 25.00 | OK | |||
r-oldrel-macos-x86_64 | 1.1.8 | 50.00 | OK | |||
r-oldrel-windows-x86_64 | 1.1.8 | 6.00 | 58.00 | 64.00 | OK |
Version: 1.1.8
Check: package dependencies
Result: FAIL
Flavor: r-release-windows-x86_64