Last updated on 2025-11-16 04:48:31 CET.
| Flavor | Version | Tinstall | Tcheck | Ttotal | Status | Flags |
|---|---|---|---|---|---|---|
| r-devel-linux-x86_64-debian-clang | 1.2.0 | 34.03 | 42.88 | 76.91 | NOTE | |
| r-devel-linux-x86_64-debian-gcc | 1.2.0 | 26.16 | 33.08 | 59.24 | NOTE | |
| r-devel-linux-x86_64-fedora-clang | 1.2.0 | 73.00 | 57.60 | 130.60 | OK | |
| r-devel-linux-x86_64-fedora-gcc | 1.2.0 | 67.00 | 61.88 | 128.88 | OK | |
| r-devel-windows-x86_64 | 1.2.0 | 46.00 | 78.00 | 124.00 | OK | |
| r-patched-linux-x86_64 | 1.2.0 | 36.34 | 41.21 | 77.55 | OK | |
| r-release-linux-x86_64 | 1.2.0 | 36.07 | 40.66 | 76.73 | OK | |
| r-release-macos-arm64 | 1.2.0 | 14.00 | 24.00 | 38.00 | OK | |
| r-release-macos-x86_64 | 1.2.0 | 13.00 | 45.00 | 58.00 | OK | |
| r-release-windows-x86_64 | 1.2.0 | 38.00 | 81.00 | 119.00 | OK | |
| r-oldrel-macos-arm64 | 1.2.0 | 15.00 | 23.00 | 38.00 | OK | |
| r-oldrel-macos-x86_64 | 1.2.0 | 13.00 | 45.00 | 58.00 | OK | |
| r-oldrel-windows-x86_64 | 1.2.0 | 37.00 | 94.00 | 131.00 | OK |
Version: 1.2.0
Check: CRAN incoming feasibility
Result: NOTE
Maintainer: ‘Giovanna Capizzi <giovanna.capizzi@unipd.it>’
No Authors@R field in DESCRIPTION.
Please add one, modifying
Authors@R: c(person(given = "Giovanna",
family = "Capizzi",
role = c("aut", "cre"),
email = "giovanna.capizzi@unipd.it"),
person(given = "Guido",
family = "Masarotto",
role = "aut"))
as necessary.
Flavors: r-devel-linux-x86_64-debian-clang, r-devel-linux-x86_64-debian-gcc