Last updated on 2025-10-25 05:49:59 CEST.
| Flavor | Version | Tinstall | Tcheck | Ttotal | Status | Flags |
|---|---|---|---|---|---|---|
| r-devel-linux-x86_64-debian-clang | 2.1.0 | 2.24 | 36.39 | 38.63 | OK | |
| r-devel-linux-x86_64-debian-gcc | 2.1.0 | 1.64 | 29.05 | 30.69 | OK | |
| r-devel-linux-x86_64-fedora-clang | 2.1.0 | 59.21 | OK | |||
| r-devel-linux-x86_64-fedora-gcc | 2.1.0 | 70.30 | OK | |||
| r-devel-windows-x86_64 | 2.1.0 | 4.00 | 62.00 | 66.00 | OK | |
| r-patched-linux-x86_64 | 2.1.0 | 2.15 | 32.99 | 35.14 | OK | |
| r-release-linux-x86_64 | 2.1.0 | 2.06 | 32.82 | 34.88 | OK | |
| r-release-macos-arm64 | 2.1.0 | 1.00 | 56.00 | 57.00 | OK | |
| r-release-macos-x86_64 | 2.1.0 | 2.00 | 80.00 | 82.00 | OK | |
| r-release-windows-x86_64 | 2.1.0 | 4.00 | 63.00 | 67.00 | OK | |
| r-oldrel-macos-arm64 | 2.1.0 | 1.00 | 37.00 | 38.00 | NOTE | |
| r-oldrel-macos-x86_64 | 2.1.0 | 4.00 | 106.00 | 110.00 | NOTE | |
| r-oldrel-windows-x86_64 | 2.1.0 | 5.00 | 70.00 | 75.00 | NOTE |
Version: 2.1.0
Check: installed package size
Result: NOTE
installed size is 10.9Mb
sub-directories of 1Mb or more:
doc 10.8Mb
Flavors: r-oldrel-macos-arm64, r-oldrel-macos-x86_64, r-oldrel-windows-x86_64