Last updated on 2025-11-16 04:48:32 CET.
| Flavor | Version | Tinstall | Tcheck | Ttotal | Status | Flags |
|---|---|---|---|---|---|---|
| r-devel-linux-x86_64-debian-clang | 1.1.0 | 290.47 | 322.60 | 613.07 | OK | |
| r-devel-linux-x86_64-debian-gcc | 1.1.0 | 249.12 | 225.15 | 474.27 | OK | |
| r-devel-linux-x86_64-fedora-clang | 1.1.0 | 2760.00 | -1489.80 | 1270.20 | OK | |
| r-devel-linux-x86_64-fedora-gcc | 1.1.0 | 3240.00 | -1764.54 | 1475.46 | OK | |
| r-devel-windows-x86_64 | 1.1.0 | 369.00 | 325.00 | 694.00 | OK | |
| r-patched-linux-x86_64 | 1.1.0 | 268.41 | 332.91 | 601.32 | OK | |
| r-release-linux-x86_64 | 1.1.0 | 262.89 | 332.33 | 595.22 | OK | |
| r-release-macos-arm64 | 1.1.0 | 180.00 | 111.00 | 291.00 | OK | |
| r-release-macos-x86_64 | 1.1.0 | 214.00 | 225.00 | 439.00 | OK | |
| r-release-windows-x86_64 | 1.1.0 | 284.00 | 307.00 | 591.00 | OK | |
| r-oldrel-macos-arm64 | 1.1.0 | 85.00 | 70.00 | 155.00 | NOTE | |
| r-oldrel-macos-x86_64 | 1.1.0 | 100.00 | 131.00 | 231.00 | NOTE | |
| r-oldrel-windows-x86_64 | 1.1.0 | 260.00 | 427.00 | 687.00 | NOTE |
Version: 1.1.0
Check: installed package size
Result: NOTE
installed size is 97.2Mb
sub-directories of 1Mb or more:
libs 96.4Mb
Flavors: r-oldrel-macos-arm64, r-oldrel-macos-x86_64, r-oldrel-windows-x86_64
Version: 1.1.0
Check: for GNU extensions in Makefiles
Result: NOTE
GNU make is a SystemRequirements.
Flavors: r-oldrel-macos-arm64, r-oldrel-macos-x86_64, r-oldrel-windows-x86_64