CRAN Package Check Results for Package dismo

Last updated on 2025-11-16 04:48:32 CET.

Flavor Version Tinstall Tcheck Ttotal Status Flags
r-devel-linux-x86_64-debian-clang 1.3-16 46.39 302.19 348.58 OK
r-devel-linux-x86_64-debian-gcc 1.3-16 29.22 195.14 224.36 NOTE
r-devel-linux-x86_64-fedora-clang 1.3-16 258.00 352.97 610.97 OK
r-devel-linux-x86_64-fedora-gcc 1.3-16 90.00 468.03 558.03 OK
r-devel-windows-x86_64 1.3-16 54.00 259.00 313.00 OK --no-vignettes
r-patched-linux-x86_64 1.3-16 44.87 291.31 336.18 OK
r-release-linux-x86_64 1.3-16 48.87 292.11 340.98 OK
r-release-macos-arm64 1.3-16 19.00 114.00 133.00 OK
r-release-macos-x86_64 1.3-16 43.00 247.00 290.00 OK
r-release-windows-x86_64 1.3-16 70.00 299.00 369.00 OK --no-vignettes
r-oldrel-macos-arm64 1.3-16 18.00 101.00 119.00 OK
r-oldrel-macos-x86_64 1.3-16 59.00 216.00 275.00 OK
r-oldrel-windows-x86_64 1.3-16 67.00 319.00 386.00 OK --no-vignettes

Check Details

Version: 1.3-16
Check: CRAN incoming feasibility
Result: NOTE Maintainer: ‘Robert J. Hijmans <r.hijmans@gmail.com>’ The BugReports field in DESCRIPTION has https://github.com/rspatial/dismo/issues/ which should likely be https://github.com/rspatial/dismo/issues/issues instead. Flavor: r-devel-linux-x86_64-debian-gcc