Last updated on 2024-08-25 05:49:19 CEST.
Flavor | Version | Tinstall | Tcheck | Ttotal | Status | Flags |
---|---|---|---|---|---|---|
r-devel-linux-x86_64-debian-clang | 2.9.1 | 47.33 | 174.20 | 221.53 | NOTE | |
r-devel-linux-x86_64-debian-gcc | 2.9.1 | 27.48 | 116.42 | 143.90 | NOTE | |
r-devel-linux-x86_64-fedora-clang | 2.9.1 | 199.18 | NOTE | |||
r-devel-linux-x86_64-fedora-gcc | 2.9.1 | 187.01 | NOTE | |||
r-devel-windows-x86_64 | 2.9.1 | 42.00 | 221.00 | 263.00 | NOTE | |
r-patched-linux-x86_64 | 2.9.1 | 49.16 | 164.57 | 213.73 | OK | |
r-release-linux-x86_64 | 2.9.1 | 37.31 | 164.00 | 201.31 | OK | |
r-release-macos-arm64 | 2.9.1 | 87.00 | OK | |||
r-release-macos-x86_64 | 2.9.1 | 170.00 | OK | |||
r-release-windows-x86_64 | 2.9.1 | 39.00 | 221.00 | 260.00 | OK | |
r-oldrel-macos-arm64 | 2.9.1 | 101.00 | OK | |||
r-oldrel-macos-x86_64 | 2.9.1 | 207.00 | OK | |||
r-oldrel-windows-x86_64 | 2.9.1 | 53.00 | 271.00 | 324.00 | OK |
Version: 2.9.1
Check: Rd cross-references
Result: NOTE
Found the following Rd file(s) with Rd \link{} targets missing package
anchors:
qqplot.Rd: qqbounds
returnlevelplot.Rd: qqbounds
Please provide package anchors for all Rd \link{} targets not in the
package itself and the base packages.
Flavors: r-devel-linux-x86_64-debian-clang, r-devel-linux-x86_64-debian-gcc, r-devel-windows-x86_64
Version: 2.9.1
Check: differences from ‘distrMod-Ex.Rout’ to ‘distrMod-Ex.Rout.save’
Result: NOTE
2c2
< :startupmsg> Utilities for Start-Up Messages (version 0.9.6.1)
---
> :startupmsg> Utilities for Start-Up Messages (version 0.9.6)
3016d3015
<
Flavor: r-devel-linux-x86_64-debian-clang
Version: 2.9.1
Check: differences from ‘distrMod-Ex.Rout’ to ‘distrMod-Ex.Rout.save’
Result: NOTE
2c2
< :startupmsg> Utilities for Start-Up Messages (version 0.9.6.1)
---
> :startupmsg> Utilities for Start-Up Messages (version 0.9.6)
33c33
< :distrEx> Extensions of Package 'distr' (version 2.9.3)
---
> :distrEx> Extensions of Package 'distr' (version 2.9.2)
3016d3015
<
Flavors: r-devel-linux-x86_64-debian-gcc, r-devel-linux-x86_64-fedora-clang, r-devel-linux-x86_64-fedora-gcc
Version: 2.9.1
Check: Rd cross-references
Result: NOTE
Undeclared package ‘RobAStBase’ in Rd xrefs
Flavor: r-devel-linux-x86_64-fedora-clang
Version: 2.9.1
Check: differences from ‘distrMod-Ex.Rout’ to ‘distrMod-Ex.Rout.save’
Result: NOTE
2c2
< :startupmsg> Utilities for Start-Up Messages (version 0.9.6.1)
---
> :startupmsg> Utilities for Start-Up Messages (version 0.9.6)
33c33
< :distrEx> Extensions of Package 'distr' (version 2.9.3)
---
> :distrEx> Extensions of Package 'distr' (version 2.9.2)
Flavor: r-devel-windows-x86_64