Last updated on 2024-08-25 05:49:19 CEST.
Flavor | Version | Tinstall | Tcheck | Ttotal | Status | Flags |
---|---|---|---|---|---|---|
r-devel-linux-x86_64-debian-clang | 1.7.5 | 14.88 | 146.90 | 161.78 | NOTE | |
r-devel-linux-x86_64-debian-gcc | 1.7.5 | 11.32 | 103.87 | 115.19 | NOTE | |
r-devel-linux-x86_64-fedora-clang | 1.7.5 | 261.42 | OK | |||
r-devel-linux-x86_64-fedora-gcc | 1.7.5 | 244.42 | OK | |||
r-devel-windows-x86_64 | 1.7.5 | 17.00 | 149.00 | 166.00 | NOTE | |
r-patched-linux-x86_64 | 1.7.5 | 17.35 | 141.00 | 158.35 | OK | |
r-release-linux-x86_64 | 1.7.5 | 13.74 | 141.17 | 154.91 | OK | |
r-release-macos-arm64 | 1.7.5 | 80.00 | OK | |||
r-release-macos-x86_64 | 1.7.5 | 131.00 | OK | |||
r-release-windows-x86_64 | 1.7.5 | 16.00 | 149.00 | 165.00 | OK | |
r-oldrel-macos-arm64 | 1.7.5 | 79.00 | OK | |||
r-oldrel-macos-x86_64 | 1.7.5 | 153.00 | OK | |||
r-oldrel-windows-x86_64 | 1.7.5 | 21.00 | 188.00 | 209.00 | OK |
Version: 1.7.5
Check: Rd cross-references
Result: NOTE
Found the following Rd file(s) with Rd \link{} targets missing package
anchors:
dists.Rd: betareg
moments.Rd: betareg, gamlss, bamlss
plot_dist.Rd: gamlss, bamlss, betareg, ggplot2
plot_moments.Rd: gamlss, bamlss, betareg
Please provide package anchors for all Rd \link{} targets not in the
package itself and the base packages.
Flavors: r-devel-linux-x86_64-debian-clang, r-devel-linux-x86_64-debian-gcc, r-devel-windows-x86_64