Last updated on 2024-07-22 05:49:49 CEST.
Flavor | Version | Tinstall | Tcheck | Ttotal | Status | Flags |
---|---|---|---|---|---|---|
r-devel-linux-x86_64-debian-clang | 0.10-0 | 66.64 | 132.51 | 199.15 | OK | |
r-devel-linux-x86_64-debian-gcc | 0.10-0 | 49.76 | 95.21 | 144.97 | NOTE | |
r-devel-linux-x86_64-fedora-clang | 0.10-0 | 299.64 | OK | |||
r-devel-linux-x86_64-fedora-gcc | 0.10-0 | 284.93 | OK | |||
r-devel-windows-x86_64 | 0.10-0 | 78.00 | 140.00 | 218.00 | NOTE | |
r-patched-linux-x86_64 | 0.10-0 | 78.14 | 126.97 | 205.11 | OK | |
r-release-linux-x86_64 | 0.10-0 | 60.43 | 127.45 | 187.88 | OK | |
r-release-macos-arm64 | 0.10-0 | 62.00 | NOTE | |||
r-release-macos-x86_64 | 0.10-0 | 96.00 | NOTE | |||
r-release-windows-x86_64 | 0.10-0 | 84.00 | 138.00 | 222.00 | OK | |
r-oldrel-macos-arm64 | 0.10-0 | 79.00 | NOTE | |||
r-oldrel-macos-x86_64 | 0.10-0 | 156.00 | NOTE | |||
r-oldrel-windows-x86_64 | 0.10-0 | 106.00 | 165.00 | 271.00 | OK |
Version: 0.10-0
Check: Rd cross-references
Result: NOTE
Found the following Rd file(s) with Rd \link{} targets missing package
anchors:
find.mle.Rd: subplex, ace, birthdeath
Please provide package anchors for all Rd \link{} targets not in the
package itself and the base packages.
Flavors: r-devel-linux-x86_64-debian-gcc, r-devel-windows-x86_64
Version: 0.10-0
Check: installed package size
Result: NOTE
installed size is 7.9Mb
sub-directories of 1Mb or more:
libs 6.6Mb
Flavors: r-release-macos-arm64, r-release-macos-x86_64, r-oldrel-macos-arm64, r-oldrel-macos-x86_64