CRAN Package Check Results for Package downloader

Last updated on 2025-02-21 04:51:45 CET.

Flavor Version Tinstall Tcheck Ttotal Status Flags
r-devel-linux-x86_64-debian-clang 0.4 1.56 18.43 19.99 NOTE
r-devel-linux-x86_64-debian-gcc 0.4 1.31 15.09 16.40 NOTE
r-devel-linux-x86_64-fedora-clang 0.4 31.65 OK
r-devel-linux-x86_64-fedora-gcc 0.4 30.19 OK
r-devel-macos-arm64 0.4 16.00 OK
r-devel-macos-x86_64 0.4 24.00 OK
r-devel-windows-x86_64 0.4 2.00 47.00 49.00 NOTE
r-patched-linux-x86_64 0.4 1.69 17.61 19.30 OK
r-release-linux-x86_64 0.4 1.38 17.52 18.90 OK
r-release-macos-arm64 0.4 20.00 OK
r-release-macos-x86_64 0.4 21.00 OK
r-release-windows-x86_64 0.4 3.00 46.00 49.00 OK
r-oldrel-macos-arm64 0.4 19.00 OK
r-oldrel-macos-x86_64 0.4 22.00 OK
r-oldrel-windows-x86_64 0.4 3.00 69.00 72.00 OK

Check Details

Version: 0.4
Check: Rd cross-references
Result: NOTE Found the following Rd file(s) with Rd \link{} targets missing package anchors: sha_url.Rd: digest source_url.Rd: digest Please provide package anchors for all Rd \link{} targets not in the package itself and the base packages. Flavors: r-devel-linux-x86_64-debian-clang, r-devel-linux-x86_64-debian-gcc, r-devel-windows-x86_64