Last updated on 2025-11-16 04:48:32 CET.
| Flavor | Version | Tinstall | Tcheck | Ttotal | Status | Flags |
|---|---|---|---|---|---|---|
| r-devel-linux-x86_64-debian-clang | 0.1.0 | 11.64 | 116.49 | 128.13 | NOTE | |
| r-devel-linux-x86_64-debian-gcc | 0.1.0 | 9.94 | 82.02 | 91.96 | NOTE | |
| r-devel-linux-x86_64-fedora-clang | 0.1.0 | 24.00 | 179.15 | 203.15 | NOTE | |
| r-devel-linux-x86_64-fedora-gcc | 0.1.0 | 25.00 | 167.12 | 192.12 | NOTE | |
| r-devel-windows-x86_64 | 0.1.0 | 17.00 | 108.00 | 125.00 | NOTE | |
| r-patched-linux-x86_64 | 0.1.0 | 13.37 | 109.07 | 122.44 | NOTE | |
| r-release-linux-x86_64 | 0.1.0 | 12.99 | 110.63 | 123.62 | NOTE | |
| r-release-macos-arm64 | 0.1.0 | 6.00 | 42.00 | 48.00 | NOTE | |
| r-release-macos-x86_64 | 0.1.0 | 12.00 | 79.00 | 91.00 | NOTE | |
| r-release-windows-x86_64 | 0.1.0 | 15.00 | 107.00 | 122.00 | NOTE | |
| r-oldrel-macos-arm64 | 0.1.0 | 5.00 | 44.00 | 49.00 | NOTE | |
| r-oldrel-macos-x86_64 | 0.1.0 | 9.00 | 64.00 | 73.00 | NOTE | |
| r-oldrel-windows-x86_64 | 0.1.0 | 19.00 | 136.00 | 155.00 | NOTE |
Version: 0.1.0
Check: package subdirectories
Result: NOTE
Problems with news in ‘NEWS.md’:
No news entries found.
Flavors: r-devel-linux-x86_64-debian-clang, r-devel-linux-x86_64-debian-gcc, r-devel-linux-x86_64-fedora-clang, r-devel-linux-x86_64-fedora-gcc, r-devel-windows-x86_64, r-patched-linux-x86_64, r-release-linux-x86_64, r-release-macos-arm64, r-release-macos-x86_64, r-release-windows-x86_64, r-oldrel-macos-arm64, r-oldrel-macos-x86_64, r-oldrel-windows-x86_64
Version: 0.1.0
Check: LazyData
Result: NOTE
'LazyData' is specified without a 'data' directory
Flavors: r-oldrel-macos-arm64, r-oldrel-macos-x86_64, r-oldrel-windows-x86_64