Last updated on 2025-11-16 04:48:32 CET.
| Flavor | Version | Tinstall | Tcheck | Ttotal | Status | Flags |
|---|---|---|---|---|---|---|
| r-devel-linux-x86_64-debian-clang | 1.5.6 | 47.89 | 292.66 | 340.55 | OK | |
| r-devel-linux-x86_64-debian-gcc | 1.5.6 | 34.50 | 206.01 | 240.51 | NOTE | |
| r-devel-linux-x86_64-fedora-clang | 1.5.6 | 98.00 | 437.64 | 535.64 | OK | |
| r-devel-linux-x86_64-fedora-gcc | 1.5.6 | 101.00 | 417.40 | 518.40 | OK | |
| r-devel-windows-x86_64 | 1.5.6 | 52.00 | 284.00 | 336.00 | OK | |
| r-patched-linux-x86_64 | 1.5.6 | 47.97 | 283.60 | 331.57 | OK | |
| r-release-linux-x86_64 | 1.5.6 | 43.85 | 285.04 | 328.89 | OK | |
| r-release-macos-arm64 | 1.5.6 | 28.00 | 75.00 | 103.00 | OK | |
| r-release-macos-x86_64 | 1.5.6 | 70.00 | 146.00 | 216.00 | OK | |
| r-release-windows-x86_64 | 1.5.6 | 49.00 | 281.00 | 330.00 | OK | |
| r-oldrel-macos-arm64 | 1.5.6 | 28.00 | 95.00 | 123.00 | NOTE | |
| r-oldrel-macos-x86_64 | 1.5.6 | 56.00 | 212.00 | 268.00 | NOTE | |
| r-oldrel-windows-x86_64 | 1.5.6 | 73.00 | 368.00 | 441.00 | NOTE |
Version: 1.5.6
Check: CRAN incoming feasibility
Result: NOTE
Maintainer: ‘Santtu Tikka <santtuth@gmail.com>’
The BugReports field in DESCRIPTION has
https://github.com/ropensci/dynamite/issues/
which should likely be
https://github.com/ropensci/dynamite/issues/issues
instead.
Flavor: r-devel-linux-x86_64-debian-gcc
Version: 1.5.6
Check: package dependencies
Result: NOTE
Package suggested but not available for checking: ‘cmdstanr’
Flavors: r-oldrel-macos-arm64, r-oldrel-macos-x86_64, r-oldrel-windows-x86_64
Version: 1.5.6
Check: installed package size
Result: NOTE
installed size is 13.0Mb
sub-directories of 1Mb or more:
R 3.6Mb
data 8.0Mb
Flavors: r-oldrel-macos-arm64, r-oldrel-macos-x86_64, r-oldrel-windows-x86_64