Last updated on 2024-08-25 05:49:19 CEST.
Flavor | Version | Tinstall | Tcheck | Ttotal | Status | Flags |
---|---|---|---|---|---|---|
r-devel-linux-x86_64-debian-clang | 0.1.0 | 3.54 | 28.72 | 32.26 | OK | |
r-devel-linux-x86_64-debian-gcc | 0.1.0 | 2.95 | 22.35 | 25.30 | OK | |
r-devel-linux-x86_64-fedora-clang | 0.1.0 | 51.75 | NOTE | |||
r-devel-linux-x86_64-fedora-gcc | 0.1.0 | 50.38 | NOTE | |||
r-devel-windows-x86_64 | 0.1.0 | 5.00 | 48.00 | 53.00 | OK | |
r-patched-linux-x86_64 | 0.1.0 | 3.61 | 27.57 | 31.18 | OK | |
r-release-linux-x86_64 | 0.1.0 | 3.15 | 27.77 | 30.92 | OK | |
r-release-macos-arm64 | 0.1.0 | 22.00 | OK | |||
r-release-macos-x86_64 | 0.1.0 | 29.00 | OK | |||
r-release-windows-x86_64 | 0.1.0 | 5.00 | 48.00 | 53.00 | OK | |
r-oldrel-macos-arm64 | 0.1.0 | 22.00 | OK | |||
r-oldrel-macos-x86_64 | 0.1.0 | 29.00 | OK | |||
r-oldrel-windows-x86_64 | 0.1.0 | 6.00 | 51.00 | 57.00 | OK |
Version: 0.1.0
Check: dependencies in R code
Result: NOTE
Namespace in Imports field not imported from: ‘graphics’
All declared Imports should be used.
Flavors: r-devel-linux-x86_64-fedora-clang, r-devel-linux-x86_64-fedora-gcc