Last updated on 2024-08-25 05:49:19 CEST.
Flavor | Version | Tinstall | Tcheck | Ttotal | Status | Flags |
---|---|---|---|---|---|---|
r-devel-linux-x86_64-debian-clang | 2.0 | 19.12 | 37.10 | 56.22 | OK | |
r-devel-linux-x86_64-debian-gcc | 2.0 | 16.14 | 27.31 | 43.45 | OK | |
r-devel-linux-x86_64-fedora-clang | 2.0 | 108.43 | NOTE | |||
r-devel-linux-x86_64-fedora-gcc | 2.0 | 105.22 | OK | |||
r-devel-windows-x86_64 | 2.0 | 27.00 | 80.00 | 107.00 | OK | |
r-patched-linux-x86_64 | 2.0 | 23.27 | 35.13 | 58.40 | OK | |
r-release-linux-x86_64 | 2.0 | 22.12 | 35.36 | 57.48 | OK | |
r-release-macos-arm64 | 2.0 | 32.00 | OK | |||
r-release-macos-x86_64 | 2.0 | 40.00 | OK | |||
r-release-windows-x86_64 | 2.0 | 25.00 | 81.00 | 106.00 | OK | |
r-oldrel-macos-arm64 | 2.0 | 40.00 | OK | |||
r-oldrel-macos-x86_64 | 2.0 | 93.00 | OK | |||
r-oldrel-windows-x86_64 | 2.0 | 32.00 | 94.00 | 126.00 | OK |
Version: 2.0
Check: Rd cross-references
Result: NOTE
Undeclared package ‘CausalImpact’ in Rd xrefs
Flavor: r-devel-linux-x86_64-fedora-clang