Last updated on 2025-02-22 04:51:10 CET.
Flavor | Version | Tinstall | Tcheck | Ttotal | Status | Flags |
---|---|---|---|---|---|---|
r-devel-linux-x86_64-debian-clang | 1.0.11 | 21.84 | 224.43 | 246.27 | NOTE | |
r-devel-linux-x86_64-debian-gcc | 1.0.11 | 16.43 | 173.74 | 190.17 | NOTE | |
r-devel-linux-x86_64-fedora-clang | 1.0.11 | 399.25 | OK | |||
r-devel-linux-x86_64-fedora-gcc | 1.0.11 | 412.70 | OK | |||
r-devel-macos-arm64 | 1.0.11 | 123.00 | OK | |||
r-devel-macos-x86_64 | 1.0.11 | 290.00 | OK | |||
r-devel-windows-x86_64 | 1.0.11 | 27.00 | 241.00 | 268.00 | NOTE | |
r-patched-linux-x86_64 | 1.0.11 | 23.88 | 216.51 | 240.39 | OK | |
r-release-linux-x86_64 | 1.0.11 | 21.07 | 217.08 | 238.15 | OK | |
r-release-macos-arm64 | 1.0.11 | 79.00 | OK | |||
r-release-macos-x86_64 | 1.0.11 | 198.00 | OK | |||
r-release-windows-x86_64 | 1.0.11 | 25.00 | 241.00 | 266.00 | OK | |
r-oldrel-macos-arm64 | 1.0.11 | 87.00 | OK | |||
r-oldrel-macos-x86_64 | 1.0.11 | 151.00 | OK | |||
r-oldrel-windows-x86_64 | 1.0.11 | 33.00 | 322.00 | 355.00 | OK |
Version: 1.0.11
Check: Rd cross-references
Result: NOTE
Found the following Rd file(s) with Rd \link{} targets missing package
anchors:
mapdf.Rd: map
Please provide package anchors for all Rd \link{} targets not in the
package itself and the base packages.
Flavors: r-devel-linux-x86_64-debian-clang, r-devel-linux-x86_64-debian-gcc, r-devel-windows-x86_64