Last updated on 2025-11-16 04:48:33 CET.
| Flavor | Version | Tinstall | Tcheck | Ttotal | Status | Flags |
|---|---|---|---|---|---|---|
| r-devel-linux-x86_64-debian-clang | 0.7.0 | 4.91 | 360.00 | 364.91 | NOTE | |
| r-devel-linux-x86_64-debian-gcc | 0.7.0 | 2.96 | 248.53 | 251.49 | NOTE | |
| r-devel-linux-x86_64-fedora-clang | 0.7.0 | 10.00 | 576.56 | 586.56 | OK | |
| r-devel-linux-x86_64-fedora-gcc | 0.7.0 | 11.00 | 583.08 | 594.08 | OK | |
| r-devel-windows-x86_64 | 0.7.0 | 11.00 | 445.00 | 456.00 | OK | |
| r-patched-linux-x86_64 | 0.7.0 | 5.77 | 345.00 | 350.77 | OK | |
| r-release-linux-x86_64 | 0.7.0 | 5.10 | 343.96 | 349.06 | OK | |
| r-release-macos-arm64 | 0.7.0 | 2.00 | 165.00 | 167.00 | OK | |
| r-release-macos-x86_64 | 0.7.0 | 4.00 | 357.00 | 361.00 | OK | |
| r-release-windows-x86_64 | 0.7.0 | 6.00 | 429.00 | 435.00 | OK | |
| r-oldrel-macos-arm64 | 0.7.0 | 2.00 | 156.00 | 158.00 | OK | |
| r-oldrel-macos-x86_64 | 0.7.0 | 3.00 | 302.00 | 305.00 | OK | |
| r-oldrel-windows-x86_64 | 0.7.0 | 9.00 | 587.00 | 596.00 | OK |
Version: 0.7.0
Check: CRAN incoming feasibility
Result: NOTE
Maintainer: ‘Merlin Unterfinger <info@munterfinger.ch>’
Package CITATION file contains call(s) to old-style citEntry(). Please
use bibentry() instead.
Flavor: r-devel-linux-x86_64-debian-clang
Version: 0.7.0
Check: CRAN incoming feasibility
Result: NOTE
Maintainer: ‘Merlin Unterfinger <info@munterfinger.ch>’
Package CITATION file contains call(s) to old-style citEntry(). Please
use bibentry() instead.
The BugReports field in DESCRIPTION has
https://github.com/munterfi/eRTG3D/issues/
which should likely be
https://github.com/munterfi/eRTG3D/issues/issues
instead.
Flavor: r-devel-linux-x86_64-debian-gcc