CRAN Package Check Results for Package eSDM

Last updated on 2025-11-16 04:48:33 CET.

Flavor Version Tinstall Tcheck Ttotal Status Flags
r-devel-linux-x86_64-debian-clang 0.4.4 8.70 162.29 170.99 OK
r-devel-linux-x86_64-debian-gcc 0.4.4 5.82 109.66 115.48 NOTE
r-devel-linux-x86_64-fedora-clang 0.4.4 43.00 244.61 287.61 OK
r-devel-linux-x86_64-fedora-gcc 0.4.4 22.00 259.13 281.13 OK
r-devel-windows-x86_64 0.4.4 15.00 164.00 179.00 OK
r-patched-linux-x86_64 0.4.4 7.67 152.55 160.22 OK
r-release-linux-x86_64 0.4.4 7.29 151.07 158.36 OK
r-release-macos-arm64 0.4.4 5.00 99.00 104.00 OK
r-release-macos-x86_64 0.4.4 7.00 142.00 149.00 OK
r-release-windows-x86_64 0.4.4 13.00 164.00 177.00 OK
r-oldrel-macos-arm64 0.4.4 4.00 71.00 75.00 OK
r-oldrel-macos-x86_64 0.4.4 6.00 125.00 131.00 OK
r-oldrel-windows-x86_64 0.4.4 17.00 217.00 234.00 OK

Check Details

Version: 0.4.4
Check: CRAN incoming feasibility
Result: NOTE Maintainer: ‘Sam Woodman <sam.woodman@noaa.gov>’ The BugReports field in DESCRIPTION has https://github.com/swfsc/eSDM/issues/ which should likely be https://github.com/swfsc/eSDM/issues/issues instead. Flavor: r-devel-linux-x86_64-debian-gcc