Last updated on 2025-02-22 04:51:10 CET.
Flavor | Version | Tinstall | Tcheck | Ttotal | Status | Flags |
---|---|---|---|---|---|---|
r-devel-linux-x86_64-debian-clang | 1.10-0 | 4.60 | 44.54 | 49.14 | NOTE | |
r-devel-linux-x86_64-debian-gcc | 1.10-0 | 2.94 | 31.41 | 34.35 | NOTE | |
r-devel-linux-x86_64-fedora-clang | 1.10-0 | 78.84 | OK | |||
r-devel-linux-x86_64-fedora-gcc | 1.10-0 | 74.95 | OK | |||
r-devel-macos-arm64 | 1.10-0 | 27.00 | OK | |||
r-devel-macos-x86_64 | 1.10-0 | 49.00 | OK | |||
r-devel-windows-x86_64 | 1.10-0 | 5.00 | 75.00 | 80.00 | NOTE | |
r-patched-linux-x86_64 | 1.10-0 | 6.92 | 41.23 | 48.15 | OK | |
r-release-linux-x86_64 | 1.10-0 | 2.97 | 40.93 | 43.90 | OK | |
r-release-macos-arm64 | 1.10-0 | 24.00 | OK | |||
r-release-macos-x86_64 | 1.10-0 | 43.00 | OK | |||
r-release-windows-x86_64 | 1.10-0 | 5.00 | 72.00 | 77.00 | OK | |
r-oldrel-macos-arm64 | 1.10-0 | 28.00 | OK | |||
r-oldrel-macos-x86_64 | 1.10-0 | 42.00 | OK | |||
r-oldrel-windows-x86_64 | 1.10-0 | 8.00 | 78.00 | 86.00 | OK |
Version: 1.10-0
Check: Rd cross-references
Result: NOTE
Found the following Rd file(s) with Rd \link{} targets missing package
anchors:
boot.Rd: paircomp
envirosound.Rd: paircomp
soundquality.Rd: paircomp
winetaste.Rd: paircomp
Please provide package anchors for all Rd \link{} targets not in the
package itself and the base packages.
Flavors: r-devel-linux-x86_64-debian-clang, r-devel-linux-x86_64-debian-gcc, r-devel-windows-x86_64