Last updated on 2025-02-21 04:51:45 CET.
Flavor | Version | Tinstall | Tcheck | Ttotal | Status | Flags |
---|---|---|---|---|---|---|
r-devel-linux-x86_64-debian-clang | 0.1.8 | 5.00 | 42.42 | 47.42 | OK | |
r-devel-linux-x86_64-debian-gcc | 0.1.8 | 3.88 | 33.34 | 37.22 | OK | |
r-devel-linux-x86_64-fedora-clang | 0.1.8 | 78.52 | NOTE | |||
r-devel-linux-x86_64-fedora-gcc | 0.1.8 | 88.09 | NOTE | |||
r-devel-macos-arm64 | 0.1.8 | 37.00 | OK | |||
r-devel-macos-x86_64 | 0.1.8 | 62.00 | OK | |||
r-devel-windows-x86_64 | 0.1.8 | 7.00 | 66.00 | 73.00 | OK | |
r-patched-linux-x86_64 | 0.1.8 | 5.08 | 40.48 | 45.56 | OK | |
r-release-linux-x86_64 | 0.1.8 | 4.62 | 40.75 | 45.37 | OK | |
r-release-macos-arm64 | 0.1.8 | 32.00 | OK | |||
r-release-macos-x86_64 | 0.1.8 | 47.00 | OK | |||
r-release-windows-x86_64 | 0.1.8 | 7.00 | 65.00 | 72.00 | OK | |
r-oldrel-macos-arm64 | 0.1.8 | 41.00 | OK | |||
r-oldrel-macos-x86_64 | 0.1.8 | 57.00 | OK | |||
r-oldrel-windows-x86_64 | 0.1.8 | 8.00 | 70.00 | 78.00 | OK |
Version: 0.1.8
Check: dependencies in R code
Result: NOTE
Namespaces in Imports field not imported from:
‘dplyr’ ‘magrittr’ ‘tibble’
All declared Imports should be used.
Flavors: r-devel-linux-x86_64-fedora-clang, r-devel-linux-x86_64-fedora-gcc