Last updated on 2024-08-25 05:49:20 CEST.
Flavor | Version | Tinstall | Tcheck | Ttotal | Status | Flags |
---|---|---|---|---|---|---|
r-devel-linux-x86_64-debian-clang | 1.1 | 3.32 | 75.84 | 79.16 | OK | |
r-devel-linux-x86_64-debian-gcc | 1.1 | 2.51 | 49.87 | 52.38 | OK | |
r-devel-linux-x86_64-fedora-clang | 1.1 | 130.32 | NOTE | |||
r-devel-linux-x86_64-fedora-gcc | 1.1 | 138.83 | OK | |||
r-devel-windows-x86_64 | 1.1 | 5.00 | 94.00 | 99.00 | OK | |
r-patched-linux-x86_64 | 1.1 | 3.88 | 72.59 | 76.47 | OK | |
r-release-linux-x86_64 | 1.1 | 3.09 | 73.30 | 76.39 | OK | |
r-release-macos-arm64 | 1.1 | 38.00 | OK | |||
r-release-macos-x86_64 | 1.1 | 62.00 | OK | |||
r-release-windows-x86_64 | 1.1 | 5.00 | 99.00 | 104.00 | OK | |
r-oldrel-macos-arm64 | 1.1 | 38.00 | OK | |||
r-oldrel-macos-x86_64 | 1.1 | 72.00 | OK | |||
r-oldrel-windows-x86_64 | 1.1 | 4.00 | 110.00 | 114.00 | OK |
Version: 1.1
Check: Rd cross-references
Result: NOTE
Undeclared package ‘ndl’ in Rd xrefs
Flavor: r-devel-linux-x86_64-fedora-clang