Last updated on 2024-08-25 05:49:20 CEST.
Flavor | Version | Tinstall | Tcheck | Ttotal | Status | Flags |
---|---|---|---|---|---|---|
r-devel-linux-x86_64-debian-clang | 2.4 | 802.67 | 157.02 | 959.69 | NOTE | |
r-devel-linux-x86_64-debian-gcc | 2.4 | 694.64 | 175.95 | 870.59 | NOTE | |
r-devel-linux-x86_64-fedora-clang | 2.4 | 1442.61 | NOTE | |||
r-devel-linux-x86_64-fedora-gcc | 2.4 | 2231.41 | NOTE | |||
r-devel-windows-x86_64 | 2.4 | 769.00 | 245.00 | 1014.00 | NOTE | |
r-patched-linux-x86_64 | 2.4 | 916.01 | 230.64 | 1146.65 | NOTE | |
r-release-linux-x86_64 | 2.4 | 945.08 | 230.63 | 1175.71 | NOTE | |
r-release-macos-arm64 | 2.4 | 370.00 | NOTE | |||
r-release-macos-x86_64 | 2.4 | 439.00 | NOTE | |||
r-release-windows-x86_64 | 2.4 | 802.00 | 232.00 | 1034.00 | NOTE | |
r-oldrel-macos-arm64 | 2.4 | 419.00 | NOTE | |||
r-oldrel-macos-x86_64 | 2.4 | 524.00 | NOTE | |||
r-oldrel-windows-x86_64 | 2.4 | 972.00 | 285.00 | 1257.00 | NOTE |
Version: 2.4
Check: package dependencies
Result: NOTE
Package suggested but not available for checking: ‘eggCountsExtra’
Flavors: r-devel-linux-x86_64-debian-clang, r-devel-linux-x86_64-debian-gcc, r-devel-linux-x86_64-fedora-clang, r-devel-linux-x86_64-fedora-gcc, r-devel-windows-x86_64, r-patched-linux-x86_64, r-release-linux-x86_64, r-release-macos-arm64, r-release-macos-x86_64, r-release-windows-x86_64, r-oldrel-macos-arm64, r-oldrel-macos-x86_64, r-oldrel-windows-x86_64
Version: 2.4
Check: Rd cross-references
Result: NOTE
Found the following Rd file(s) with Rd \link{} targets missing package
anchors:
plotCounts.Rd: xyplot
Please provide package anchors for all Rd \link{} targets not in the
package itself and the base packages.
Flavors: r-devel-linux-x86_64-debian-clang, r-devel-linux-x86_64-debian-gcc, r-devel-windows-x86_64
Version: 2.4
Check: for GNU extensions in Makefiles
Result: NOTE
GNU make is a SystemRequirements.
Flavors: r-devel-linux-x86_64-debian-clang, r-devel-linux-x86_64-debian-gcc, r-devel-linux-x86_64-fedora-clang, r-devel-linux-x86_64-fedora-gcc, r-devel-windows-x86_64, r-patched-linux-x86_64, r-release-linux-x86_64, r-release-macos-arm64, r-release-macos-x86_64, r-release-windows-x86_64, r-oldrel-macos-arm64, r-oldrel-macos-x86_64, r-oldrel-windows-x86_64
Version: 2.4
Check: installed package size
Result: NOTE
installed size is 8.8Mb
sub-directories of 1Mb or more:
libs 8.0Mb
Flavors: r-devel-linux-x86_64-fedora-clang, r-devel-windows-x86_64, r-release-macos-arm64, r-release-macos-x86_64, r-release-windows-x86_64, r-oldrel-macos-arm64, r-oldrel-macos-x86_64, r-oldrel-windows-x86_64