Last updated on 2024-08-25 05:49:20 CEST.
Flavor | Version | Tinstall | Tcheck | Ttotal | Status | Flags |
---|---|---|---|---|---|---|
r-devel-linux-x86_64-debian-clang | 0.2.4 | 105.44 | 26.09 | 131.53 | OK | |
r-devel-linux-x86_64-debian-gcc | 0.2.4 | 91.41 | 28.57 | 119.98 | OK | |
r-devel-linux-x86_64-fedora-clang | 0.2.4 | 213.52 | OK | |||
r-devel-linux-x86_64-fedora-gcc | 0.2.4 | 312.43 | OK | |||
r-devel-windows-x86_64 | 0.2.4 | 101.00 | 82.00 | 183.00 | OK | |
r-patched-linux-x86_64 | 0.2.4 | 107.32 | 35.41 | 142.73 | OK | |
r-release-linux-x86_64 | 0.2.4 | 126.43 | 35.21 | 161.64 | OK | |
r-release-macos-arm64 | 0.2.4 | 83.00 | NOTE | |||
r-release-macos-x86_64 | 0.2.4 | 169.00 | NOTE | |||
r-release-windows-x86_64 | 0.2.4 | 108.00 | 82.00 | 190.00 | OK | |
r-oldrel-macos-arm64 | 0.2.4 | 78.00 | NOTE | |||
r-oldrel-macos-x86_64 | 0.2.4 | 257.00 | NOTE | |||
r-oldrel-windows-x86_64 | 0.2.4 | 125.00 | 89.00 | 214.00 | OK |
Version: 0.2.4
Check: installed package size
Result: NOTE
installed size is 50.5Mb
sub-directories of 1Mb or more:
libs 49.5Mb
Flavors: r-release-macos-arm64, r-release-macos-x86_64, r-oldrel-macos-arm64, r-oldrel-macos-x86_64