Last updated on 2025-11-16 04:48:33 CET.
| Flavor | Version | Tinstall | Tcheck | Ttotal | Status | Flags |
|---|---|---|---|---|---|---|
| r-devel-linux-x86_64-debian-clang | 0.6.2 | 32.40 | 309.85 | 342.25 | OK | |
| r-devel-linux-x86_64-debian-gcc | 0.6.2 | 22.59 | 195.89 | 218.48 | NOTE | |
| r-devel-linux-x86_64-fedora-clang | 0.6.2 | 71.00 | 470.91 | 541.91 | OK | |
| r-devel-linux-x86_64-fedora-gcc | 0.6.2 | 71.00 | 447.39 | 518.39 | OK | |
| r-devel-windows-x86_64 | 0.6.2 | 31.00 | 256.00 | 287.00 | OK | |
| r-patched-linux-x86_64 | 0.6.2 | 32.07 | 293.04 | 325.11 | OK | |
| r-release-linux-x86_64 | 0.6.2 | 32.21 | 295.53 | 327.74 | OK | |
| r-release-macos-arm64 | 0.6.2 | 13.00 | 115.00 | 128.00 | OK | |
| r-release-macos-x86_64 | 0.6.2 | 32.00 | 259.00 | 291.00 | OK | |
| r-release-windows-x86_64 | 0.6.2 | 31.00 | 253.00 | 284.00 | OK | |
| r-oldrel-macos-arm64 | 0.6.2 | 13.00 | 107.00 | 120.00 | OK | |
| r-oldrel-macos-x86_64 | 0.6.2 | 22.00 | 216.00 | 238.00 | OK | |
| r-oldrel-windows-x86_64 | 0.6.2 | 42.00 | 346.00 | 388.00 | OK |
Version: 0.6.2
Check: CRAN incoming feasibility
Result: NOTE
Maintainer: ‘Sergio Ibarra-Espinosa <zergioibarra@gmail.com>’
The BugReports field in DESCRIPTION has
https://github.com/atmoschem/eixport/issues/
which should likely be
https://github.com/atmoschem/eixport/issues/issues
instead.
Flavor: r-devel-linux-x86_64-debian-gcc